Last updated on 2024-06-29 23:49:48 CEST.
Flavor | Version | Tinstall | Tcheck | Ttotal | Status | Flags |
---|---|---|---|---|---|---|
r-devel-linux-x86_64-debian-clang | 0.7.0 | 186.68 | 255.22 | 441.90 | NOTE | |
r-devel-linux-x86_64-debian-gcc | 0.7.0 | 143.32 | 188.62 | 331.94 | NOTE | |
r-devel-linux-x86_64-fedora-clang | 0.7.0 | 593.07 | NOTE | |||
r-devel-linux-x86_64-fedora-gcc | 0.7.0 | 635.42 | NOTE | |||
r-devel-windows-x86_64 | 0.7.0 | 149.00 | 262.00 | 411.00 | NOTE | |
r-patched-linux-x86_64 | 0.7.0 | 164.92 | 247.10 | 412.02 | OK | |
r-release-linux-x86_64 | 0.7.0 | 176.68 | 249.03 | 425.71 | OK | |
r-release-macos-arm64 | 0.7.0 | 139.00 | NOTE | |||
r-release-macos-x86_64 | 0.7.0 | 213.00 | NOTE | |||
r-release-windows-x86_64 | 0.7.0 | 145.00 | 262.00 | 407.00 | OK | |
r-oldrel-macos-arm64 | 0.7.0 | 156.00 | NOTE | |||
r-oldrel-macos-x86_64 | 0.7.0 | 320.00 | NOTE | |||
r-oldrel-windows-x86_64 | 0.7.0 | 177.00 | 322.00 | 499.00 | OK |
Version: 0.7.0
Check: compiled code
Result: NOTE
File ‘clock/libs/clock.so’:
Found non-API calls to R: ‘SETLENGTH’, ‘SET_GROWABLE_BIT’,
‘SET_TRUELENGTH’, ‘STRING_PTR’
Compiled code should not call non-API entry points in R.
See ‘Writing portable packages’ in the ‘Writing R Extensions’ manual.
See section ‘Moving into C API compliance’ in the ‘Writing R
Extensions’ manual for issues with use of non-API entry points.
Flavors: r-devel-linux-x86_64-debian-clang, r-devel-linux-x86_64-debian-gcc, r-devel-linux-x86_64-fedora-clang, r-devel-linux-x86_64-fedora-gcc
Version: 0.7.0
Check: compiled code
Result: NOTE
File 'clock/libs/x64/clock.dll':
Found non-API calls to R: 'SETLENGTH', 'SET_GROWABLE_BIT',
'SET_TRUELENGTH', 'STRING_PTR'
Compiled code should not call non-API entry points in R.
See 'Writing portable packages' in the 'Writing R Extensions' manual.
See section 'Moving into C API compliance' in the 'Writing R
Extensions' manual for issues with use of non-API entry points.
Flavor: r-devel-windows-x86_64
Version: 0.7.0
Check: installed package size
Result: NOTE
installed size is 18.3Mb
sub-directories of 1Mb or more:
libs 16.4Mb
Flavors: r-release-macos-arm64, r-release-macos-x86_64, r-oldrel-macos-arm64, r-oldrel-macos-x86_64