Last updated on 2025-05-01 08:52:29 CEST.
Flavor | Version | Tinstall | Tcheck | Ttotal | Status | Flags |
---|---|---|---|---|---|---|
r-devel-linux-x86_64-debian-clang | 1.6.2 | 11.37 | 177.68 | 189.05 | NOTE | |
r-devel-linux-x86_64-debian-gcc | 1.6.2 | 8.63 | 122.20 | 130.83 | OK | |
r-devel-linux-x86_64-fedora-clang | 1.6.2 | 321.73 | OK | |||
r-devel-linux-x86_64-fedora-gcc | 1.6.2 | 291.22 | OK | |||
r-devel-windows-x86_64 | 1.6.2 | 15.00 | 205.00 | 220.00 | OK | |
r-patched-linux-x86_64 | 1.6.2 | 14.62 | 169.77 | 184.39 | OK | |
r-release-linux-x86_64 | OK | |||||
r-release-macos-arm64 | 1.6.2 | 135.00 | OK | |||
r-release-macos-x86_64 | 1.6.2 | 118.00 | OK | |||
r-release-windows-x86_64 | 1.6.2 | 14.00 | 213.00 | 227.00 | OK | |
r-oldrel-macos-arm64 | 1.6.2 | 85.00 | NOTE | |||
r-oldrel-macos-x86_64 | 1.6.2 | 149.00 | NOTE | |||
r-oldrel-windows-x86_64 | 1.6.2 | 19.00 | 249.00 | 268.00 | NOTE |
Version: 1.6.2
Check: examples
Result: NOTE
Examples with CPU (user + system) or elapsed time > 5s
user system elapsed
scatterplotClinData 10.447 0.228 12.556
Flavor: r-devel-linux-x86_64-debian-clang
Version: 1.6.2
Check: examples
Result: NA
user system elapsed
scatterplotClinData 6.49 0.164 8.493
OK
Flavor: r-devel-linux-x86_64-debian-gcc
Version: 1.6.2
Check: installed package size
Result: NOTE
installed size is 5.7Mb
sub-directories of 1Mb or more:
doc 4.3Mb
Flavors: r-oldrel-macos-arm64, r-oldrel-macos-x86_64, r-oldrel-windows-x86_64