CRAN Package Check Results for Package clinDR

Last updated on 2025-04-29 19:50:28 CEST.

Flavor Version Tinstall Tcheck Ttotal Status Flags
r-devel-linux-x86_64-debian-clang 2.4.1 30.55 153.60 184.15 NOTE
r-devel-linux-x86_64-debian-gcc 2.4.1 19.72 107.74 127.46 NOTE
r-devel-linux-x86_64-fedora-clang 2.4.1 279.81 OK
r-devel-linux-x86_64-fedora-gcc 2.4.1 263.09 OK
r-devel-windows-x86_64 2.4.1 24.00 157.00 181.00 NOTE
r-patched-linux-x86_64 2.4.1 31.69 146.22 177.91 NOTE
r-release-linux-x86_64 2.4.1 32.03 145.30 177.33 NOTE
r-release-macos-arm64 2.4.1 60.00 OK
r-release-macos-x86_64 2.4.1 119.00 OK
r-release-windows-x86_64 2.4.1 26.00 159.00 185.00 NOTE
r-oldrel-macos-arm64 2.4.1 59.00 OK
r-oldrel-macos-x86_64 2.4.1 94.00 OK
r-oldrel-windows-x86_64 2.4.1 32.00 198.00 230.00 OK

Check Details

Version: 2.4.1
Check: Rd cross-references
Result: NOTE Found the following Rd file(s) with Rd \link{} targets missing package anchors: clinDR-package.Rd: DoseFinding emaxsim.Rd: Mods emaxsimB.Rd: Mods fitEmaxB.Rd: rstan Please provide package anchors for all Rd \link{} targets not in the package itself and the base packages. Flavors: r-devel-linux-x86_64-debian-clang, r-devel-linux-x86_64-debian-gcc, r-devel-windows-x86_64, r-patched-linux-x86_64, r-release-linux-x86_64, r-release-windows-x86_64