Last updated on 2025-04-30 19:49:57 CEST.
Flavor | Version | Tinstall | Tcheck | Ttotal | Status | Flags |
---|---|---|---|---|---|---|
r-devel-linux-x86_64-debian-clang | 1.0 | 5.40 | 38.76 | 44.16 | NOTE | |
r-devel-linux-x86_64-debian-gcc | 1.0 | 3.46 | 26.81 | 30.27 | NOTE | |
r-devel-linux-x86_64-fedora-clang | 1.0 | 72.40 | OK | |||
r-devel-linux-x86_64-fedora-gcc | 1.0 | 63.80 | OK | |||
r-devel-windows-x86_64 | 1.0 | 5.00 | 58.00 | 63.00 | OK | |
r-patched-linux-x86_64 | 1.0 | 5.02 | 36.51 | 41.53 | OK | |
r-release-linux-x86_64 | 1.0 | 5.08 | 36.70 | 41.78 | OK | |
r-release-macos-arm64 | 1.0 | 25.00 | OK | |||
r-release-macos-x86_64 | 1.0 | 36.00 | OK | |||
r-release-windows-x86_64 | 1.0 | 5.00 | 54.00 | 59.00 | OK | |
r-oldrel-macos-arm64 | 1.0 | 24.00 | OK | |||
r-oldrel-macos-x86_64 | 1.0 | 33.00 | OK | |||
r-oldrel-windows-x86_64 | 1.0 | 5.00 | 62.00 | 67.00 | OK |
Version: 1.0
Check: CRAN incoming feasibility
Result: NOTE
Maintainer: ‘Yanming Li <liyanmin@umich.edu>’
No Authors@R field in DESCRIPTION.
Please add one, modifying
Authors@R: c(person(given = "Yanming",
family = "Li",
role = c("aut", "cre"),
email = "liyanmin@umich.edu"),
person(given = "Kerby",
family = "Shedden",
role = "aut"),
person(given = c("Brenda", "W."),
family = "Gillespie",
role = "aut"),
person(given = c("John", "A."),
family = "Gillespie",
role = "aut"))
as necessary.
File 'R/clikcorr-internal.R' sets .Random.seed.
This is usually neither needed nor wanted.
Flavors: r-devel-linux-x86_64-debian-clang, r-devel-linux-x86_64-debian-gcc
Version: 1.0
Check: examples
Result: NOTE
Examples with CPU (user + system) or elapsed time > 5s
user system elapsed
clikcorr.lrt 6.628 0.007 8.338
Flavor: r-devel-linux-x86_64-debian-clang
Version: 1.0
Check: examples
Result: NA
user system elapsed
clikcorr.lrt 3.591 0.017 5.532
OK
Flavor: r-devel-linux-x86_64-debian-gcc