Last updated on 2025-04-29 13:51:19 CEST.
Flavor | Version | Tinstall | Tcheck | Ttotal | Status | Flags |
---|---|---|---|---|---|---|
r-devel-linux-x86_64-debian-clang | 1.2.3 | 11.99 | 118.24 | 130.23 | NOTE | |
r-devel-linux-x86_64-debian-gcc | 1.2.3 | 8.16 | 80.95 | 89.11 | NOTE | |
r-devel-linux-x86_64-fedora-clang | 1.2.3 | 195.18 | NOTE | |||
r-devel-linux-x86_64-fedora-gcc | 1.2.3 | 904.05 | NOTE | |||
r-devel-windows-x86_64 | 1.2.3 | 15.00 | 126.00 | 141.00 | NOTE | |
r-patched-linux-x86_64 | 1.2.3 | 12.91 | 108.78 | 121.69 | NOTE | |
r-release-linux-x86_64 | 1.2.3 | 11.97 | 108.66 | 120.63 | NOTE | |
r-release-macos-arm64 | 1.2.3 | 388.00 | NOTE | |||
r-release-macos-x86_64 | 1.2.3 | 609.00 | NOTE | |||
r-release-windows-x86_64 | 1.2.3 | 14.00 | 123.00 | 137.00 | NOTE | |
r-oldrel-macos-arm64 | 1.2.3 | 307.00 | NOTE | |||
r-oldrel-macos-x86_64 | 1.2.3 | 514.00 | NOTE | |||
r-oldrel-windows-x86_64 | 1.2.3 | 17.00 | 159.00 | 176.00 | NOTE |
Version: 1.2.3
Check: CRAN incoming feasibility
Result: NOTE
Maintainer: ‘Jakob Raymaekers <jakob.raymaekers@kuleuven.be>’
The Description field contains
and tree-based classifiers, <arXiv:2106.08814>. Examples can be found
Please refer to arXiv e-prints via their arXiv DOI <doi:10.48550/arXiv.YYMM.NNNNN>.
Flavors: r-devel-linux-x86_64-debian-clang, r-devel-linux-x86_64-debian-gcc
Version: 1.2.3
Check: Rd files
Result: NOTE
checkRd: (-1) classmap.Rd:44: Lost braces
44 | Raymaekers J., Rousseeuw P.J., Hubert M. (2021). Class maps for visualizing classification results. \emph{Technometrics}, appeared online. \doi{10.1080/00401706.2021.1927849}{(link to open access pdf)}
| ^
checkRd: (-1) confmat.vcr.Rd:30: Lost braces
30 | Raymaekers J., Rousseeuw P.J., Hubert M. (2021). Class maps for visualizing classification results. \emph{Technometrics}, appeared online. \doi{10.1080/00401706.2021.1927849}{(link to open access pdf)}
| ^
checkRd: (-1) makeFV.Rd:34: Lost braces
34 | Raymaekers J., Rousseeuw P.J., Hubert M. (2021). Class maps for visualizing classification results. \emph{Technometrics}, appeared online. \doi{10.1080/00401706.2021.1927849}{(link to open access pdf)}
| ^
checkRd: (-1) makeKernel.Rd:25: Lost braces
25 | Raymaekers J., Rousseeuw P.J., Hubert M. (2021). Class maps for visualizing classification results. \emph{Technometrics}, appeared online. \doi{10.1080/00401706.2021.1927849}{(link to open access pdf)}
| ^
checkRd: (-1) stackedplot.Rd:37: Lost braces
37 | Raymaekers J., Rousseeuw P.J., Hubert M. (2021). Class maps for visualizing classification results. \emph{Technometrics}, appeared online. \doi{10.1080/00401706.2021.1927849}{(link to open access pdf)}
| ^
checkRd: (-1) vcr.da.newdata.Rd:41: Lost braces
41 | Raymaekers J., Rousseeuw P.J., Hubert M. (2021). Class maps for visualizing classification results. \emph{Technometrics}, appeared online. \doi{10.1080/00401706.2021.1927849}{(link to open access pdf)}
| ^
checkRd: (-1) vcr.da.train.Rd:46: Lost braces
46 | Raymaekers J., Rousseeuw P.J., Hubert M. (2021). Class maps for visualizing classification results. \emph{Technometrics}, appeared online. \doi{10.1080/00401706.2021.1927849}{(link to open access pdf)}
| ^
checkRd: (-1) vcr.knn.newdata.Rd:42: Lost braces
42 | Raymaekers J., Rousseeuw P.J., Hubert M. (2021). Class maps for visualizing classification results. \emph{Technometrics}, appeared online. \doi{10.1080/00401706.2021.1927849}{(link to open access pdf)}
| ^
checkRd: (-1) vcr.knn.train.Rd:43: Lost braces
43 | Raymaekers J., Rousseeuw P.J., Hubert M. (2021). Class maps for visualizing classification results. \emph{Technometrics}, appeared online. \doi{10.1080/00401706.2021.1927849}{(link to open access pdf)}
| ^
checkRd: (-1) vcr.svm.newdata.Rd:38: Lost braces
38 | Raymaekers J., Rousseeuw P.J., Hubert M. (2021). Class maps for visualizing classification results. \emph{Technometrics}, appeared online. \doi{10.1080/00401706.2021.1927849}{(link to open access pdf)}
| ^
checkRd: (-1) vcr.svm.train.Rd:41: Lost braces
41 | Raymaekers J., Rousseeuw P.J., Hubert M. (2021). Class maps for visualizing classification results. \emph{Technometrics}, appeared online. \doi{10.1080/00401706.2021.1927849}{(link to open access pdf)}
| ^
Flavors: r-devel-linux-x86_64-debian-clang, r-devel-linux-x86_64-debian-gcc, r-devel-linux-x86_64-fedora-clang, r-devel-linux-x86_64-fedora-gcc, r-devel-windows-x86_64, r-patched-linux-x86_64, r-release-linux-x86_64, r-release-macos-arm64, r-release-macos-x86_64, r-release-windows-x86_64, r-oldrel-macos-arm64, r-oldrel-macos-x86_64, r-oldrel-windows-x86_64
Version: 1.2.3
Check: examples
Result: NOTE
Examples with CPU (user + system) or elapsed time > 5s
user system elapsed
vcr.rpart.newdata 4.186 0.178 5.797
Flavor: r-devel-linux-x86_64-debian-clang