CRAN Package Check Results for Package chronicler

Last updated on 2025-04-30 19:49:57 CEST.

Flavor Version Tinstall Tcheck Ttotal Status Flags
r-devel-linux-x86_64-debian-clang 0.2.2 5.32 60.87 66.19 NOTE
r-devel-linux-x86_64-debian-gcc 0.2.2 3.59 45.68 49.27 NOTE
r-devel-linux-x86_64-fedora-clang 0.2.2 107.85 NOTE
r-devel-linux-x86_64-fedora-gcc 0.2.2 119.20 NOTE
r-devel-windows-x86_64 0.2.2 7.00 93.00 100.00 NOTE
r-patched-linux-x86_64 0.2.2 4.98 56.87 61.85 NOTE
r-release-linux-x86_64 0.2.2 5.13 57.28 62.41 NOTE
r-release-macos-arm64 0.2.2 81.00 NOTE
r-release-macos-x86_64 0.2.2 77.00 NOTE
r-release-windows-x86_64 0.2.2 8.00 89.00 97.00 NOTE
r-oldrel-macos-arm64 0.2.2 43.00 OK
r-oldrel-macos-x86_64 0.2.2 63.00 OK
r-oldrel-windows-x86_64 0.2.2 8.00 100.00 108.00 OK

Check Details

Version: 0.2.2
Check: DESCRIPTION meta-information
Result: NOTE Missing dependency on R >= 4.1.0 because package code uses the pipe |> or function shorthand \(...) syntax added in R 4.1.0. File(s) using such syntax: ‘bind_record.Rd’ ‘chronicle.R’ ‘fmap_record.Rd’ ‘grapes-greater-than-equals-grapes.Rd’ ‘pick.Rd’ Flavors: r-devel-linux-x86_64-debian-clang, r-devel-linux-x86_64-debian-gcc, r-devel-linux-x86_64-fedora-clang, r-devel-linux-x86_64-fedora-gcc, r-devel-windows-x86_64, r-patched-linux-x86_64, r-release-linux-x86_64, r-release-macos-arm64, r-release-macos-x86_64, r-release-windows-x86_64