Last updated on 2025-05-08 16:54:15 CEST.
Flavor | Version | Tinstall | Tcheck | Ttotal | Status | Flags |
---|---|---|---|---|---|---|
r-devel-linux-x86_64-debian-clang | 0.7.5 | 14.40 | 113.97 | 128.37 | OK | |
r-devel-linux-x86_64-debian-gcc | 0.7.5 | 10.05 | 83.33 | 93.38 | OK | |
r-devel-linux-x86_64-fedora-clang | 0.7.5 | 220.45 | OK | |||
r-devel-linux-x86_64-fedora-gcc | 0.7.5 | 191.92 | OK | |||
r-devel-windows-x86_64 | 0.7.5 | 15.00 | 174.00 | 189.00 | OK | |
r-patched-linux-x86_64 | 0.7.5 | 13.08 | 104.00 | 117.08 | OK | |
r-release-linux-x86_64 | 0.7.5 | 10.74 | 105.53 | 116.27 | OK | |
r-release-macos-arm64 | 0.7.5 | 50.00 | OK | |||
r-release-macos-x86_64 | 0.7.5 | 119.00 | OK | |||
r-release-windows-x86_64 | 0.7.5 | 16.00 | 170.00 | 186.00 | OK | |
r-oldrel-macos-arm64 | 0.7.5 | 66.00 | NOTE | |||
r-oldrel-macos-x86_64 | 0.7.5 | 98.00 | NOTE | |||
r-oldrel-windows-x86_64 | 0.7.5 | 20.00 | 166.00 | 186.00 | NOTE |
Version: 0.7.5
Check: package dependencies
Result: NOTE
Packages suggested but not available for checking:
'entab', 'chromConverterExtraTests'
Flavors: r-oldrel-macos-arm64, r-oldrel-macos-x86_64, r-oldrel-windows-x86_64