Last updated on 2024-06-29 11:49:09 CEST.
Flavor | Version | Tinstall | Tcheck | Ttotal | Status | Flags |
---|---|---|---|---|---|---|
r-devel-linux-x86_64-debian-clang | 1.0-2 | 17.53 | 162.84 | 180.37 | NOTE | |
r-devel-linux-x86_64-debian-gcc | 1.0-2 | 15.84 | 116.85 | 132.69 | NOTE | |
r-devel-linux-x86_64-fedora-clang | 1.0-2 | 232.94 | NOTE | |||
r-devel-linux-x86_64-fedora-gcc | 1.0-2 | 231.73 | NOTE | |||
r-devel-windows-x86_64 | 1.0-2 | 16.00 | 156.00 | 172.00 | NOTE | |
r-patched-linux-x86_64 | 1.0-2 | 19.49 | 150.84 | 170.33 | NOTE | |
r-release-linux-x86_64 | 1.0-2 | 16.42 | 153.75 | 170.17 | NOTE | |
r-release-macos-arm64 | 1.0-2 | 62.00 | NOTE | |||
r-release-macos-x86_64 | 1.0-2 | 102.00 | NOTE | |||
r-release-windows-x86_64 | 1.0-2 | 16.00 | 153.00 | 169.00 | NOTE | |
r-oldrel-macos-arm64 | 1.0-2 | 73.00 | OK | |||
r-oldrel-macos-x86_64 | 1.0-2 | 124.00 | NOTE | |||
r-oldrel-windows-x86_64 | 1.0-2 | 21.00 | 185.00 | 206.00 | OK |
Version: 1.0-2
Check: Rd files
Result: NOTE
checkRd: (-1) C316.amp.Rd:28-32: Lost braces
28 | 40 x {
| ^
checkRd: (-1) C317.amp.Rd:28-32: Lost braces
28 | 40 x {
| ^
checkRd: (-1) C60.amp.Rd:63-67: Lost braces
63 | 40 x {
| ^
Flavors: r-devel-linux-x86_64-debian-clang, r-devel-linux-x86_64-debian-gcc, r-devel-linux-x86_64-fedora-clang, r-devel-linux-x86_64-fedora-gcc, r-devel-windows-x86_64, r-patched-linux-x86_64, r-release-linux-x86_64, r-release-macos-arm64, r-release-macos-x86_64, r-release-windows-x86_64
Version: 1.0-2
Check: package dependencies
Result: NOTE
Packages suggested but not available for checking: 'drc', 'qpcR'
Flavor: r-oldrel-macos-x86_64
Version: 1.0-2
Check: Rd cross-references
Result: NOTE
Package unavailable to check Rd xrefs: ‘qpcR’
Flavor: r-oldrel-macos-x86_64