CRAN Package Check Results for Package cherry

Last updated on 2025-04-29 19:50:28 CEST.

Flavor Version Tinstall Tcheck Ttotal Status Flags
r-devel-linux-x86_64-debian-clang 0.6-15 5.93 56.59 62.52 NOTE
r-devel-linux-x86_64-debian-gcc 0.6-15 3.79 41.34 45.13 OK
r-devel-linux-x86_64-fedora-clang 0.6-15 107.21 OK
r-devel-linux-x86_64-fedora-gcc 0.6-15 105.87 OK
r-devel-windows-x86_64 0.6-15 7.00 93.00 100.00 OK
r-patched-linux-x86_64 0.6-15 6.18 53.72 59.90 OK
r-release-linux-x86_64 0.6-15 5.26 53.61 58.87 OK
r-release-macos-arm64 0.6-15 35.00 OK
r-release-macos-x86_64 0.6-15 77.00 OK
r-release-windows-x86_64 0.6-15 8.00 94.00 102.00 OK
r-oldrel-macos-arm64 0.6-15 36.00 OK
r-oldrel-macos-x86_64 0.6-15 107.00 OK
r-oldrel-windows-x86_64 0.6-15 7.00 95.00 102.00 OK

Check Details

Version: 0.6-15
Check: examples
Result: NOTE Examples with CPU (user + system) or elapsed time > 5s user system elapsed shortcuts 4.064 0.09 5.48 Flavor: r-devel-linux-x86_64-debian-clang