Last updated on 2024-06-29 11:49:09 CEST.
Flavor | Version | Tinstall | Tcheck | Ttotal | Status | Flags |
---|---|---|---|---|---|---|
r-devel-linux-x86_64-debian-clang | 1.0-3 | 41.75 | 247.69 | 289.44 | NOTE | |
r-devel-linux-x86_64-debian-gcc | 1.0-3 | 33.32 | 176.38 | 209.70 | NOTE | |
r-devel-linux-x86_64-fedora-clang | 1.0-3 | 351.47 | NOTE | |||
r-devel-linux-x86_64-fedora-gcc | 1.0-3 | 346.53 | NOTE | |||
r-devel-windows-x86_64 | 1.0-3 | 32.00 | 217.00 | 249.00 | NOTE | |
r-patched-linux-x86_64 | 1.0-3 | 52.85 | 235.42 | 288.27 | NOTE | |
r-release-linux-x86_64 | 1.0-3 | 27.24 | 237.78 | 265.02 | NOTE | |
r-release-macos-arm64 | 1.0-3 | 86.00 | NOTE | |||
r-release-macos-x86_64 | 1.0-3 | 152.00 | NOTE | |||
r-release-windows-x86_64 | 1.0-3 | 32.00 | 221.00 | 253.00 | NOTE | |
r-oldrel-macos-arm64 | 1.0-3 | 95.00 | OK | |||
r-oldrel-macos-x86_64 | 1.0-3 | 156.00 | OK | |||
r-oldrel-windows-x86_64 | 1.0-3 | 46.00 | 279.00 | 325.00 | OK |
Version: 1.0-3
Check: Rd files
Result: NOTE
checkRd: (-1) comparisonsTable.cgOneFactorFit.Rd:47: Lost braces
47 | call (see {\dots } section below.)
| ^
Flavors: r-devel-linux-x86_64-debian-clang, r-devel-linux-x86_64-debian-gcc, r-devel-linux-x86_64-fedora-clang, r-devel-linux-x86_64-fedora-gcc, r-devel-windows-x86_64, r-patched-linux-x86_64, r-release-linux-x86_64, r-release-macos-arm64, r-release-macos-x86_64, r-release-windows-x86_64
Version: 1.0-3
Check: dependencies in R code
Result: NOTE
Namespace in Imports field not imported from: ‘grDevices’
All declared Imports should be used.
Flavors: r-devel-linux-x86_64-fedora-clang, r-devel-linux-x86_64-fedora-gcc