CRAN Package Check Results for Package cfdecomp

Last updated on 2025-04-29 19:50:27 CEST.

Flavor Version Tinstall Tcheck Ttotal Status Flags
r-devel-linux-x86_64-debian-clang 0.4.0 2.61 41.69 44.30 NOTE
r-devel-linux-x86_64-debian-gcc 0.4.0 2.20 27.65 29.85 OK
r-devel-linux-x86_64-fedora-clang 0.4.0 68.40 OK
r-devel-linux-x86_64-fedora-gcc 0.4.0 63.61 OK
r-devel-windows-x86_64 0.4.0 4.00 53.00 57.00 OK
r-patched-linux-x86_64 0.4.0 2.83 40.63 43.46 OK
r-release-linux-x86_64 0.4.0 2.71 38.44 41.15 OK
r-release-macos-arm64 0.4.0 23.00 OK
r-release-macos-x86_64 0.4.0 41.00 OK
r-release-windows-x86_64 0.4.0 4.00 57.00 61.00 OK
r-oldrel-macos-arm64 0.4.0 24.00 OK
r-oldrel-macos-x86_64 0.4.0 39.00 OK
r-oldrel-windows-x86_64 0.4.0 4.00 52.00 56.00 OK

Check Details

Version: 0.4.0
Check: examples
Result: NOTE Examples with CPU (user + system) or elapsed time > 5s user system elapsed cfd.quantile 6.262 0.004 7.058 cfd.mean 4.714 0.007 5.792 cfd.semipar.quantile 4.431 0.000 5.571 Flavor: r-devel-linux-x86_64-debian-clang