Last updated on 2025-05-01 14:49:06 CEST.
Flavor | Version | Tinstall | Tcheck | Ttotal | Status | Flags |
---|---|---|---|---|---|---|
r-devel-linux-x86_64-debian-clang | 0.2.2 | 1.96 | 141.80 | 143.76 | NOTE | |
r-devel-linux-x86_64-debian-gcc | 0.2.2 | 1.81 | 102.23 | 104.04 | OK | |
r-devel-linux-x86_64-fedora-clang | 0.2.2 | 216.64 | OK | |||
r-devel-linux-x86_64-fedora-gcc | 0.2.2 | 216.93 | OK | |||
r-devel-windows-x86_64 | 0.2.2 | 4.00 | 177.00 | 181.00 | OK | |
r-patched-linux-x86_64 | 0.2.2 | 2.96 | 134.34 | 137.30 | OK | |
r-release-linux-x86_64 | OK | |||||
r-release-macos-arm64 | 0.2.2 | 61.00 | OK | |||
r-release-macos-x86_64 | 0.2.2 | 168.00 | OK | |||
r-release-windows-x86_64 | 0.2.2 | 6.00 | 179.00 | 185.00 | OK | |
r-oldrel-macos-arm64 | 0.2.2 | 72.00 | OK | |||
r-oldrel-macos-x86_64 | 0.2.2 | 146.00 | OK | |||
r-oldrel-windows-x86_64 | 0.2.2 | 5.00 | 224.00 | 229.00 | OK |
Version: 0.2.2
Check: examples
Result: NOTE
Examples with CPU (user + system) or elapsed time > 5s
user system elapsed
geom_cnt 7.864 0.124 10.284
Flavor: r-devel-linux-x86_64-debian-clang
Version: 0.2.2
Check: examples
Result: NA
user system elapsed
geom_cnt 4.572 0.225 5.76
OK
Flavor: r-devel-linux-x86_64-debian-gcc