Last updated on 2025-05-03 15:49:23 CEST.
Flavor | Version | Tinstall | Tcheck | Ttotal | Status | Flags |
---|---|---|---|---|---|---|
r-devel-linux-x86_64-debian-clang | 0.1.0 | 6.02 | 77.01 | 83.03 | NOTE | |
r-devel-linux-x86_64-debian-gcc | 0.1.0 | 3.40 | 53.18 | 56.58 | NOTE | |
r-devel-linux-x86_64-fedora-clang | 0.1.0 | 119.90 | NOTE | |||
r-devel-linux-x86_64-fedora-gcc | 0.1.0 | 214.18 | NOTE | |||
r-devel-windows-x86_64 | 0.1.0 | 7.00 | 86.00 | 93.00 | NOTE | |
r-patched-linux-x86_64 | 0.1.0 | 4.81 | 70.85 | 75.66 | NOTE | |
r-release-linux-x86_64 | NOTE | |||||
r-release-macos-arm64 | 0.1.0 | 66.00 | NOTE | |||
r-release-macos-x86_64 | 0.1.0 | 182.00 | NOTE | |||
r-release-windows-x86_64 | 0.1.0 | 7.00 | 85.00 | 92.00 | NOTE | |
r-oldrel-macos-arm64 | 0.1.0 | 60.00 | OK | |||
r-oldrel-macos-x86_64 | 0.1.0 | 108.00 | OK | |||
r-oldrel-windows-x86_64 | 0.1.0 | 8.00 | 105.00 | 113.00 | OK |
Version: 0.1.0
Check: DESCRIPTION meta-information
Result: NOTE
Missing dependency on R >= 4.1.0 because package code uses the pipe
|> or function shorthand \(...) syntax added in R 4.1.0.
File(s) using such syntax:
‘ca_functions.r’ ‘plot.cellular_automata.Rd’
Flavors: r-devel-linux-x86_64-debian-clang, r-devel-linux-x86_64-debian-gcc, r-devel-linux-x86_64-fedora-clang, r-devel-linux-x86_64-fedora-gcc, r-devel-windows-x86_64, r-patched-linux-x86_64, r-release-linux-x86_64, r-release-macos-arm64, r-release-windows-x86_64
Version: 0.1.0
Check: DESCRIPTION meta-information
Result: NOTE
Missing dependency on R >= 4.1.0 because package code uses the pipe
|> or function shorthand \(...) syntax added in R 4.1.0.
File(s) using such syntax:
‘ca_functions.r’
Flavor: r-release-macos-x86_64