Last updated on 2025-05-01 08:52:29 CEST.
Flavor | Version | Tinstall | Tcheck | Ttotal | Status | Flags |
---|---|---|---|---|---|---|
r-devel-linux-x86_64-debian-clang | 0.1.3 | 7.74 | 75.06 | 82.80 | NOTE | |
r-devel-linux-x86_64-debian-gcc | 0.1.3 | 5.70 | 53.80 | 59.50 | NOTE | |
r-devel-linux-x86_64-fedora-clang | 0.1.3 | 125.45 | OK | |||
r-devel-linux-x86_64-fedora-gcc | 0.1.3 | 118.86 | OK | |||
r-devel-windows-x86_64 | 0.1.3 | 8.00 | 84.00 | 92.00 | OK | |
r-patched-linux-x86_64 | 0.1.3 | 7.15 | 70.09 | 77.24 | OK | |
r-release-linux-x86_64 | OK | |||||
r-release-macos-arm64 | 0.1.3 | 39.00 | OK | |||
r-release-macos-x86_64 | 0.1.3 | 77.00 | OK | |||
r-release-windows-x86_64 | 0.1.3 | 9.00 | 89.00 | 98.00 | OK | |
r-oldrel-macos-arm64 | 0.1.3 | 37.00 | OK | |||
r-oldrel-macos-x86_64 | 0.1.3 | 64.00 | OK | |||
r-oldrel-windows-x86_64 | 0.1.3 | 15.00 | 98.00 | 113.00 | OK |
Version: 0.1.3
Check: CRAN incoming feasibility
Result: NOTE
Maintainer: ‘David Watson <david.s.watson11@gmail.com>’
The Description field contains
details, see Watson & Silva (2022) <arXiv:2205.05715>.
Please refer to arXiv e-prints via their arXiv DOI <doi:10.48550/arXiv.YYMM.NNNNN>.
Flavors: r-devel-linux-x86_64-debian-clang, r-devel-linux-x86_64-debian-gcc
Version: 0.1.3
Check: examples
Result: NOTE
Examples with CPU (user + system) or elapsed time > 5s
user system elapsed
bipartite 6.185 0.282 7.842
cbl 6.095 0.077 8.328
Flavor: r-devel-linux-x86_64-debian-clang
Version: 0.1.3
Check: examples
Result: NA
user system elapsed
bipartite 4.124 0.378 6.436
cbl 3.699 0.012 5.844
OK
Flavor: r-devel-linux-x86_64-debian-gcc