CRAN Package Check Results for Package causalsens

Last updated on 2025-05-09 22:49:44 CEST.

Flavor Version Tinstall Tcheck Ttotal Status Flags
r-devel-linux-x86_64-debian-clang 0.1.3 1.91 24.03 25.94 NOTE
r-devel-linux-x86_64-debian-gcc 0.1.3 1.46 20.14 21.60 NOTE
r-devel-linux-x86_64-fedora-clang 0.1.3 40.39 OK
r-devel-linux-x86_64-fedora-gcc 0.1.3 53.48 OK
r-devel-windows-x86_64 0.1.3 5.00 46.00 51.00 OK
r-patched-linux-x86_64 0.1.3 2.01 23.24 25.25 OK
r-release-linux-x86_64 0.1.3 1.82 23.31 25.13 OK
r-release-macos-arm64 0.1.3 35.00 OK
r-release-macos-x86_64 0.1.3 42.00 OK
r-release-windows-x86_64 0.1.3 3.00 45.00 48.00 OK
r-oldrel-macos-arm64 0.1.3 28.00 OK
r-oldrel-macos-x86_64 0.1.3 39.00 OK
r-oldrel-windows-x86_64 0.1.3 3.00 50.00 53.00 OK

Check Details

Version: 0.1.3
Check: CRAN incoming feasibility
Result: NOTE Maintainer: ‘Matthew Blackwell <mblackwell@gov.harvard.edu>’ No Authors@R field in DESCRIPTION. Please add one, modifying Authors@R: person(given = "Matthew", family = "Blackwell", role = c("aut", "cre"), email = "mblackwell@gov.harvard.edu.edu") as necessary. Flavors: r-devel-linux-x86_64-debian-clang, r-devel-linux-x86_64-debian-gcc