Last updated on 2024-06-29 23:49:48 CEST.
Flavor | Version | Tinstall | Tcheck | Ttotal | Status | Flags |
---|---|---|---|---|---|---|
r-devel-linux-x86_64-debian-clang | 1.0.2 | 8.74 | 248.91 | 257.65 | NOTE | |
r-devel-linux-x86_64-debian-gcc | 1.0.2 | 6.57 | 178.04 | 184.61 | NOTE | |
r-devel-linux-x86_64-fedora-clang | 1.0.2 | 320.60 | NOTE | |||
r-devel-linux-x86_64-fedora-gcc | 1.0.2 | 318.76 | NOTE | |||
r-devel-windows-x86_64 | 1.0.2 | 13.00 | 211.00 | 224.00 | NOTE | |
r-patched-linux-x86_64 | 1.0.2 | 12.77 | 244.83 | 257.60 | OK | |
r-release-linux-x86_64 | 1.0.2 | 9.37 | 244.08 | 253.45 | OK | |
r-release-macos-arm64 | 1.0.2 | 89.00 | OK | |||
r-release-macos-x86_64 | 1.0.2 | 119.00 | OK | |||
r-release-windows-x86_64 | 1.0.2 | 13.00 | 215.00 | 228.00 | OK | |
r-oldrel-macos-arm64 | 1.0.2 | 89.00 | OK | |||
r-oldrel-macos-x86_64 | 1.0.2 | 206.00 | OK | |||
r-oldrel-windows-x86_64 | 1.0.2 | 15.00 | 247.00 | 262.00 | OK |
Version: 1.0.2
Check: compiled code
Result: NOTE
File ‘cauphy/libs/cauphy.so’:
Found non-API call to R: ‘SET_TYPEOF’
Compiled code should not call non-API entry points in R.
See ‘Writing portable packages’ in the ‘Writing R Extensions’ manual.
See section ‘Moving into C API compliance’ in the ‘Writing R
Extensions’ manual for issues with use of non-API entry points.
Flavors: r-devel-linux-x86_64-debian-clang, r-devel-linux-x86_64-debian-gcc, r-devel-linux-x86_64-fedora-clang, r-devel-linux-x86_64-fedora-gcc
Version: 1.0.2
Check: compiled code
Result: NOTE
File 'cauphy/libs/x64/cauphy.dll':
Found non-API call to R: 'SET_TYPEOF'
Compiled code should not call non-API entry points in R.
See 'Writing portable packages' in the 'Writing R Extensions' manual.
See section 'Moving into C API compliance' in the 'Writing R
Extensions' manual for issues with use of non-API entry points.
Flavor: r-devel-windows-x86_64