Last updated on 2024-06-29 11:49:09 CEST.
Flavor | Version | Tinstall | Tcheck | Ttotal | Status | Flags |
---|---|---|---|---|---|---|
r-devel-linux-x86_64-debian-clang | 0.1.0 | 7.47 | 56.28 | 63.75 | NOTE | |
r-devel-linux-x86_64-debian-gcc | 0.1.0 | 8.07 | 42.25 | 50.32 | NOTE | |
r-devel-linux-x86_64-fedora-clang | 0.1.0 | 84.20 | NOTE | |||
r-devel-linux-x86_64-fedora-gcc | 0.1.0 | 104.08 | NOTE | |||
r-devel-windows-x86_64 | 0.1.0 | 10.00 | 68.00 | 78.00 | NOTE | |
r-patched-linux-x86_64 | 0.1.0 | 7.45 | 53.28 | 60.73 | NOTE | |
r-release-linux-x86_64 | 0.1.0 | 6.38 | 53.98 | 60.36 | NOTE | |
r-release-macos-arm64 | 0.1.0 | 40.00 | NOTE | |||
r-release-macos-x86_64 | 0.1.0 | 67.00 | NOTE | |||
r-release-windows-x86_64 | 0.1.0 | 10.00 | 67.00 | 77.00 | NOTE | |
r-oldrel-macos-arm64 | 0.1.0 | 36.00 | NOTE | |||
r-oldrel-macos-x86_64 | 0.1.0 | 53.00 | NOTE | |||
r-oldrel-windows-x86_64 | 0.1.0 | 13.00 | 72.00 | 85.00 | NOTE |
Version: 0.1.0
Check: LazyData
Result: NOTE
'LazyData' is specified without a 'data' directory
Flavors: r-devel-linux-x86_64-debian-clang, r-devel-linux-x86_64-debian-gcc, r-devel-linux-x86_64-fedora-clang, r-devel-linux-x86_64-fedora-gcc, r-devel-windows-x86_64, r-patched-linux-x86_64, r-release-linux-x86_64, r-release-macos-arm64, r-release-macos-x86_64, r-release-windows-x86_64, r-oldrel-macos-arm64, r-oldrel-macos-x86_64, r-oldrel-windows-x86_64
Version: 0.1.0
Check: dependencies in R code
Result: NOTE
Namespaces in Imports field not imported from:
‘R6’ ‘crayon’ ‘dplyr’ ‘tidyr’
All declared Imports should be used.
Flavors: r-devel-linux-x86_64-fedora-clang, r-devel-linux-x86_64-fedora-gcc