Last updated on 2024-08-24 16:48:55 CEST.
Flavor | Version | Tinstall | Tcheck | Ttotal | Status | Flags |
---|---|---|---|---|---|---|
r-devel-linux-x86_64-debian-clang | 0.2.1 | 3.30 | 42.44 | 45.74 | NOTE | |
r-devel-linux-x86_64-debian-gcc | 0.2.1 | 2.33 | 31.23 | 33.56 | NOTE | |
r-devel-linux-x86_64-fedora-clang | 0.2.1 | 75.17 | NOTE | |||
r-devel-linux-x86_64-fedora-gcc | 0.2.1 | 84.51 | NOTE | |||
r-devel-windows-x86_64 | 0.2.1 | 7.00 | 66.00 | 73.00 | NOTE | |
r-patched-linux-x86_64 | 0.2.1 | 3.10 | 40.95 | 44.05 | NOTE | |
r-release-linux-x86_64 | 0.2.1 | 2.99 | 40.49 | 43.48 | NOTE | |
r-release-macos-arm64 | 0.2.1 | 32.00 | NOTE | |||
r-release-macos-x86_64 | 0.2.1 | 47.00 | NOTE | |||
r-release-windows-x86_64 | 0.2.1 | 7.00 | 64.00 | 71.00 | NOTE | |
r-oldrel-macos-arm64 | 0.2.1 | 37.00 | NOTE | |||
r-oldrel-macos-x86_64 | 0.2.1 | 63.00 | NOTE | |||
r-oldrel-windows-x86_64 | 0.2.1 | 9.00 | 72.00 | 81.00 | NOTE |
Version: 0.2.1
Check: package dependencies
Result: NOTE
Package suggested but not available for checking: ‘rnaturalearthhires’
Flavors: r-devel-linux-x86_64-debian-clang, r-devel-linux-x86_64-debian-gcc, r-devel-linux-x86_64-fedora-clang, r-devel-linux-x86_64-fedora-gcc, r-devel-windows-x86_64, r-patched-linux-x86_64, r-release-linux-x86_64, r-release-macos-arm64, r-release-macos-x86_64, r-release-windows-x86_64, r-oldrel-macos-arm64, r-oldrel-macos-x86_64, r-oldrel-windows-x86_64
Version: 0.2.1
Check: compiled code
Result: NOTE
File ‘cartographer/libs/cartographer.so’:
Found non-API call to R: ‘PRVALUE’
Compiled code should not call non-API entry points in R.
See ‘Writing portable packages’ in the ‘Writing R Extensions’ manual,
and section ‘Moving into C API compliance’ for issues with the use of
non-API entry points.
Flavors: r-devel-linux-x86_64-debian-clang, r-devel-linux-x86_64-debian-gcc, r-devel-linux-x86_64-fedora-clang, r-devel-linux-x86_64-fedora-gcc
Version: 0.2.1
Check: compiled code
Result: NOTE
File 'cartographer/libs/x64/cartographer.dll':
Found non-API call to R: 'PRVALUE'
Compiled code should not call non-API entry points in R.
See 'Writing portable packages' in the 'Writing R Extensions' manual,
and section 'Moving into C API compliance' for issues with the use of
non-API entry points.
Flavor: r-devel-windows-x86_64