Last updated on 2025-04-30 01:50:14 CEST.
Flavor | Version | Tinstall | Tcheck | Ttotal | Status | Flags |
---|---|---|---|---|---|---|
r-devel-linux-x86_64-debian-clang | 0.2.2 | 3.30 | 42.30 | 45.60 | OK | |
r-devel-linux-x86_64-debian-gcc | 0.2.2 | 2.38 | 30.11 | 32.49 | OK | |
r-devel-linux-x86_64-fedora-clang | 0.2.2 | 72.08 | OK | |||
r-devel-linux-x86_64-fedora-gcc | 0.2.2 | 80.11 | OK | |||
r-devel-windows-x86_64 | 0.2.2 | 5.00 | 57.00 | 62.00 | OK | |
r-patched-linux-x86_64 | 0.2.2 | 3.25 | 38.64 | 41.89 | OK | |
r-release-linux-x86_64 | 0.2.2 | 3.61 | 38.57 | 42.18 | OK | |
r-release-macos-arm64 | 0.2.2 | 33.00 | OK | |||
r-release-macos-x86_64 | 0.2.2 | 55.00 | OK | |||
r-release-windows-x86_64 | 0.2.2 | 5.00 | 58.00 | 63.00 | OK | |
r-oldrel-macos-arm64 | 0.2.2 | 31.00 | NOTE | |||
r-oldrel-macos-x86_64 | 0.2.2 | 44.00 | NOTE | |||
r-oldrel-windows-x86_64 | 0.2.2 | 8.00 | 63.00 | 71.00 | NOTE |
Version: 0.2.2
Check: LazyData
Result: NOTE
'LazyData' is specified without a 'data' directory
Flavors: r-oldrel-macos-arm64, r-oldrel-macos-x86_64, r-oldrel-windows-x86_64