Last updated on 2025-02-20 13:50:35 CET.
Flavor | Version | Tinstall | Tcheck | Ttotal | Status | Flags |
---|---|---|---|---|---|---|
r-devel-linux-x86_64-debian-clang | 0.9.9 | 3.89 | 33.63 | 37.52 | OK | |
r-devel-linux-x86_64-debian-gcc | 0.9.9 | 3.04 | 24.03 | 27.07 | OK | |
r-devel-linux-x86_64-fedora-clang | 0.9.9 | 58.69 | OK | |||
r-devel-linux-x86_64-fedora-gcc | 0.9.9 | 56.40 | OK | |||
r-devel-macos-arm64 | 0.9.9 | 21.00 | OK | |||
r-devel-macos-x86_64 | 0.9.9 | 35.00 | OK | |||
r-devel-windows-x86_64 | 0.9.9 | 5.00 | 66.00 | 71.00 | OK | |
r-patched-linux-x86_64 | 0.9.9 | 4.15 | 31.97 | 36.12 | OK | |
r-release-linux-x86_64 | 0.9.9 | 3.74 | 31.93 | 35.67 | OK | |
r-release-macos-arm64 | 0.9.9 | 28.00 | OK | |||
r-release-macos-x86_64 | 0.9.9 | 36.00 | OK | |||
r-release-windows-x86_64 | 0.9.9 | 6.00 | 3.00 | 9.00 | FAIL | |
r-oldrel-macos-arm64 | 0.9.9 | 33.00 | OK | |||
r-oldrel-macos-x86_64 | 0.9.9 | 39.00 | OK | |||
r-oldrel-windows-x86_64 | 0.9.9 | 4.00 | 97.00 | 101.00 | OK |
Version: 0.9.9
Check: package dependencies
Result: FAIL
Flavor: r-release-windows-x86_64