Last updated on 2025-04-30 01:50:14 CEST.
Flavor | Version | Tinstall | Tcheck | Ttotal | Status | Flags |
---|---|---|---|---|---|---|
r-devel-linux-x86_64-debian-clang | 2.0.0 | 3.52 | 50.45 | 53.97 | NOTE | |
r-devel-linux-x86_64-debian-gcc | 2.0.0 | 2.53 | 37.67 | 40.20 | NOTE | |
r-devel-linux-x86_64-fedora-clang | 2.0.0 | 84.35 | OK | |||
r-devel-linux-x86_64-fedora-gcc | 2.0.0 | 95.23 | OK | |||
r-devel-windows-x86_64 | 2.0.0 | 4.00 | 73.00 | 77.00 | OK | |
r-patched-linux-x86_64 | 2.0.0 | 3.90 | 47.37 | 51.27 | OK | |
r-release-linux-x86_64 | 2.0.0 | 3.62 | 47.87 | 51.49 | OK | |
r-release-macos-arm64 | 2.0.0 | 48.00 | OK | |||
r-release-macos-x86_64 | 2.0.0 | 77.00 | OK | |||
r-release-windows-x86_64 | 2.0.0 | 7.00 | 75.00 | 82.00 | OK | |
r-oldrel-macos-arm64 | 2.0.0 | 48.00 | OK | |||
r-oldrel-macos-x86_64 | 2.0.0 | 70.00 | OK | |||
r-oldrel-windows-x86_64 | 2.0.0 | 6.00 | 81.00 | 87.00 | OK |
Version: 2.0.0
Check: examples
Result: NOTE
Examples with CPU (user + system) or elapsed time > 5s
user system elapsed
CLES 6.178 0.874 8.751
Flavor: r-devel-linux-x86_64-debian-clang
Version: 2.0.0
Check: examples
Result: NOTE
Examples with CPU (user + system) or elapsed time > 5s
user system elapsed
CLES 4.734 0.203 5.972
Flavor: r-devel-linux-x86_64-debian-gcc