Last updated on 2024-06-29 11:49:09 CEST.
Flavor | Version | Tinstall | Tcheck | Ttotal | Status | Flags |
---|---|---|---|---|---|---|
r-devel-linux-x86_64-debian-clang | 0.1 | 10.22 | 80.99 | 91.21 | OK | |
r-devel-linux-x86_64-debian-gcc | 0.1 | 7.96 | 58.61 | 66.57 | OK | |
r-devel-linux-x86_64-fedora-clang | 0.1 | 105.17 | NOTE | |||
r-devel-linux-x86_64-fedora-gcc | 0.1 | 100.24 | NOTE | |||
r-devel-windows-x86_64 | 0.1 | 10.00 | 71.00 | 81.00 | OK | |
r-patched-linux-x86_64 | 0.1 | 7.20 | 74.65 | 81.85 | OK | |
r-release-linux-x86_64 | 0.1 | 7.41 | 74.27 | 81.68 | OK | |
r-release-macos-arm64 | 0.1 | 38.00 | OK | |||
r-release-macos-x86_64 | 0.1 | 52.00 | OK | |||
r-release-windows-x86_64 | 0.1 | 10.00 | 72.00 | 82.00 | OK | |
r-oldrel-macos-arm64 | 0.1 | 32.00 | OK | |||
r-oldrel-macos-x86_64 | 0.1 | 50.00 | OK | |||
r-oldrel-windows-x86_64 | 0.1 | 11.00 | 84.00 | 95.00 | OK |
Version: 0.1
Check: data for non-ASCII characters
Result: NOTE
Note: found 287 marked UTF-8 strings
Flavors: r-devel-linux-x86_64-fedora-clang, r-devel-linux-x86_64-fedora-gcc