Last updated on 2024-06-29 11:49:09 CEST.
Flavor | Version | Tinstall | Tcheck | Ttotal | Status | Flags |
---|---|---|---|---|---|---|
r-devel-linux-x86_64-debian-clang | 0.2.1 | 6.33 | 52.42 | 58.75 | OK | |
r-devel-linux-x86_64-debian-gcc | 0.2.1 | 4.42 | 39.97 | 44.39 | OK | |
r-devel-linux-x86_64-fedora-clang | 0.2.1 | 71.48 | NOTE | |||
r-devel-linux-x86_64-fedora-gcc | 0.2.1 | 67.76 | OK | |||
r-devel-windows-x86_64 | 0.2.1 | 7.00 | 65.00 | 72.00 | OK | |
r-patched-linux-x86_64 | 0.2.1 | 8.18 | 50.15 | 58.33 | OK | |
r-release-linux-x86_64 | 0.2.1 | 4.51 | 50.50 | 55.01 | OK | |
r-release-macos-arm64 | 0.2.1 | 27.00 | OK | |||
r-release-macos-x86_64 | 0.2.1 | 56.00 | OK | |||
r-release-windows-x86_64 | 0.2.1 | 7.00 | 63.00 | 70.00 | OK | |
r-oldrel-macos-arm64 | 0.2.1 | 35.00 | OK | |||
r-oldrel-macos-x86_64 | 0.2.1 | 54.00 | OK | |||
r-oldrel-windows-x86_64 | 0.2.1 | 8.00 | 71.00 | 79.00 | OK |
Version: 0.2.1
Check: Rd cross-references
Result: NOTE
Undeclared package ‘magrittr’ in Rd xrefs
Flavor: r-devel-linux-x86_64-fedora-clang