Last updated on 2024-06-29 11:49:09 CEST.
Flavor | Version | Tinstall | Tcheck | Ttotal | Status | Flags |
---|---|---|---|---|---|---|
r-devel-linux-x86_64-debian-clang | 0.1.0 | 7.35 | 93.74 | 101.09 | NOTE | |
r-devel-linux-x86_64-debian-gcc | 0.1.0 | 5.32 | 69.73 | 75.05 | NOTE | |
r-devel-linux-x86_64-fedora-clang | 0.1.0 | 128.83 | NOTE | |||
r-devel-linux-x86_64-fedora-gcc | 0.1.0 | 139.03 | NOTE | |||
r-devel-windows-x86_64 | 0.1.0 | 8.00 | 95.00 | 103.00 | NOTE | |
r-patched-linux-x86_64 | 0.1.0 | 6.53 | 89.05 | 95.58 | NOTE | |
r-release-linux-x86_64 | 0.1.0 | 6.60 | 88.90 | 95.50 | NOTE | |
r-release-macos-arm64 | 0.1.0 | 48.00 | NOTE | |||
r-release-macos-x86_64 | 0.1.0 | 75.00 | NOTE | |||
r-release-windows-x86_64 | 0.1.0 | 8.00 | 94.00 | 102.00 | NOTE | |
r-oldrel-macos-arm64 | 0.1.0 | 49.00 | OK | |||
r-oldrel-macos-x86_64 | 0.1.0 | 71.00 | OK | |||
r-oldrel-windows-x86_64 | 0.1.0 | 9.00 | 113.00 | 122.00 | OK |
Version: 0.1.0
Check: Rd files
Result: NOTE
checkRd: (-1) Recording.Rd:112: Lost braces; missing escapes or markup?
112 | Stop recording images with {camcorder}.
| ^
Flavors: r-devel-linux-x86_64-debian-clang, r-devel-linux-x86_64-debian-gcc, r-devel-linux-x86_64-fedora-clang, r-devel-linux-x86_64-fedora-gcc, r-devel-windows-x86_64, r-patched-linux-x86_64, r-release-linux-x86_64, r-release-macos-arm64, r-release-macos-x86_64, r-release-windows-x86_64