Last updated on 2024-06-29 11:49:09 CEST.
Flavor | Version | Tinstall | Tcheck | Ttotal | Status | Flags |
---|---|---|---|---|---|---|
r-devel-linux-x86_64-debian-clang | 0.13.0 | 6.74 | 70.48 | 77.22 | OK | |
r-devel-linux-x86_64-debian-gcc | 0.13.0 | 4.74 | 53.78 | 58.52 | OK | |
r-devel-linux-x86_64-fedora-clang | 0.13.0 | 95.24 | OK | |||
r-devel-linux-x86_64-fedora-gcc | 0.13.0 | 91.02 | OK | |||
r-devel-windows-x86_64 | 0.13.0 | 7.00 | 73.00 | 80.00 | OK | |
r-patched-linux-x86_64 | 0.13.0 | 6.69 | 68.35 | 75.04 | OK | |
r-release-linux-x86_64 | 0.13.0 | 5.76 | 69.03 | 74.79 | OK | |
r-release-macos-arm64 | 0.13.0 | 29.00 | OK | |||
r-release-macos-x86_64 | 0.13.0 | 53.00 | OK | |||
r-release-windows-x86_64 | 0.13.0 | 6.00 | 74.00 | 80.00 | OK | |
r-oldrel-macos-arm64 | 0.13.0 | 5.00 | ERROR | |||
r-oldrel-macos-x86_64 | 0.13.0 | 59.00 | OK | |||
r-oldrel-windows-x86_64 | 0.13.0 | 8.00 | 86.00 | 94.00 | OK |
Version: 0.13.0
Check: package dependencies
Result: ERROR
Package required but not available: ‘aroma.core’
See section ‘The DESCRIPTION file’ in the ‘Writing R Extensions’
manual.
Flavor: r-oldrel-macos-arm64