CRAN Package Check Results for Package bruneimap

Last updated on 2025-05-28 12:49:29 CEST.

Flavor Version Tinstall Tcheck Ttotal Status Flags
r-devel-linux-x86_64-debian-clang 0.3.1 8.19 65.64 73.83 NOTE
r-devel-linux-x86_64-debian-gcc 0.3.1 6.12 47.77 53.89 NOTE
r-devel-linux-x86_64-fedora-clang 0.3.1 111.91 NOTE
r-devel-linux-x86_64-fedora-gcc 0.3.1 126.69 NOTE
r-devel-windows-x86_64 0.3.1 11.00 76.00 87.00 NOTE
r-patched-linux-x86_64 0.3.1 7.05 60.30 67.35 NOTE
r-release-linux-x86_64 0.3.1 7.36 60.16 67.52 NOTE
r-release-macos-arm64 0.3.1 50.00 NOTE
r-release-macos-x86_64 0.3.1 78.00 NOTE
r-release-windows-x86_64 0.3.1 11.00 76.00 87.00 NOTE
r-oldrel-macos-arm64 0.3.1 47.00 OK
r-oldrel-macos-x86_64 0.3.1 82.00 OK
r-oldrel-windows-x86_64 0.3.1 12.00 90.00 102.00 OK

Check Details

Version: 0.3.1
Check: DESCRIPTION meta-information
Result: NOTE Missing dependency on R >= 4.1.0 because package code uses the pipe |> or function shorthand \(...) syntax added in R 4.1.0. File(s) using such syntax: ‘census2021.Rd’ Flavors: r-devel-linux-x86_64-debian-clang, r-devel-linux-x86_64-debian-gcc, r-devel-linux-x86_64-fedora-clang, r-devel-linux-x86_64-fedora-gcc, r-devel-windows-x86_64, r-patched-linux-x86_64, r-release-linux-x86_64, r-release-macos-arm64, r-release-macos-x86_64, r-release-windows-x86_64