Last updated on 2024-06-29 11:49:08 CEST.
Flavor | Version | Tinstall | Tcheck | Ttotal | Status | Flags |
---|---|---|---|---|---|---|
r-devel-linux-x86_64-debian-clang | 0.8.7 | 13.68 | 218.94 | 232.62 | OK | |
r-devel-linux-x86_64-debian-gcc | 0.8.7 | 10.51 | 164.67 | 175.18 | OK | |
r-devel-linux-x86_64-fedora-clang | 0.8.7 | 299.66 | NOTE | |||
r-devel-linux-x86_64-fedora-gcc | 0.8.7 | 302.79 | OK | |||
r-devel-windows-x86_64 | 0.8.7 | 14.00 | 173.00 | 187.00 | OK | |
r-patched-linux-x86_64 | 0.8.7 | 12.37 | 210.92 | 223.29 | OK | |
r-release-linux-x86_64 | 0.8.7 | 9.29 | 211.73 | 221.02 | OK | |
r-release-macos-arm64 | 0.8.7 | 84.00 | OK | |||
r-release-macos-x86_64 | 0.8.7 | 210.00 | OK | |||
r-release-windows-x86_64 | 0.8.7 | 13.00 | 170.00 | 183.00 | OK | |
r-oldrel-macos-arm64 | 0.8.7 | 90.00 | OK | |||
r-oldrel-macos-x86_64 | 0.8.7 | 207.00 | OK | |||
r-oldrel-windows-x86_64 | 0.8.7 | 16.00 | 218.00 | 234.00 | OK |
Version: 0.8.7
Check: Rd cross-references
Result: NOTE
Undeclared package ‘generics’ in Rd xrefs
Flavor: r-devel-linux-x86_64-fedora-clang