Last updated on 2024-06-29 11:49:08 CEST.
Flavor | Version | Tinstall | Tcheck | Ttotal | Status | Flags |
---|---|---|---|---|---|---|
r-devel-linux-x86_64-debian-clang | 0.3.2 | 15.89 | 111.32 | 127.21 | OK | |
r-devel-linux-x86_64-debian-gcc | 0.3.2 | 9.98 | 82.01 | 91.99 | OK | |
r-devel-linux-x86_64-fedora-clang | 0.3.2 | 156.85 | NOTE | |||
r-devel-linux-x86_64-fedora-gcc | 0.3.2 | 147.98 | NOTE | |||
r-devel-windows-x86_64 | 0.3.2 | 12.00 | 95.00 | 107.00 | OK | |
r-patched-linux-x86_64 | 0.3.2 | 8.11 | 104.84 | 112.95 | OK | |
r-release-linux-x86_64 | 0.3.2 | 13.07 | 104.22 | 117.29 | OK | |
r-release-macos-arm64 | 0.3.2 | 47.00 | OK | |||
r-release-macos-x86_64 | 0.3.2 | 73.00 | OK | |||
r-release-windows-x86_64 | 0.3.2 | 12.00 | 96.00 | 108.00 | OK | |
r-oldrel-macos-arm64 | 0.3.2 | 42.00 | OK | |||
r-oldrel-macos-x86_64 | 0.3.2 | 71.00 | OK | |||
r-oldrel-windows-x86_64 | 0.3.2 | 16.00 | 112.00 | 128.00 | OK |
Version: 0.3.2
Check: dependencies in R code
Result: NOTE
Namespace in Imports field not imported from: ‘sna’
All declared Imports should be used.
Flavors: r-devel-linux-x86_64-fedora-clang, r-devel-linux-x86_64-fedora-gcc