Last updated on 2024-07-02 19:48:07 CEST.
Flavor | Version | Tinstall | Tcheck | Ttotal | Status | Flags |
---|---|---|---|---|---|---|
r-devel-linux-x86_64-debian-clang | 1.0.4 | 55.02 | 109.64 | 164.66 | NOTE | |
r-devel-linux-x86_64-debian-gcc | 1.0.4 | 42.74 | 77.35 | 120.09 | NOTE | |
r-devel-linux-x86_64-fedora-clang | 1.0.4 | 219.62 | NOTE | |||
r-devel-linux-x86_64-fedora-gcc | 1.0.4 | 234.23 | NOTE | |||
r-devel-windows-x86_64 | 1.0.4 | 48.00 | 145.00 | 193.00 | NOTE | |
r-patched-linux-x86_64 | 1.0.4 | 47.42 | 105.00 | 152.42 | NOTE | |
r-release-linux-x86_64 | 1.0.4 | 50.57 | 105.84 | 156.41 | NOTE | |
r-release-macos-arm64 | 1.0.4 | 80.00 | NOTE | |||
r-release-macos-x86_64 | 1.0.4 | 95.00 | NOTE | |||
r-release-windows-x86_64 | 1.0.4 | 48.00 | 149.00 | 197.00 | NOTE | |
r-oldrel-macos-arm64 | 1.0.4 | 72.00 | NOTE | |||
r-oldrel-macos-x86_64 | 1.0.4 | 174.00 | NOTE | |||
r-oldrel-windows-x86_64 | 1.0.4 | 57.00 | 173.00 | 230.00 | NOTE |
Version: 1.0.4
Check: for GNU extensions in Makefiles
Result: NOTE
GNU make is a SystemRequirements.
Flavors: r-devel-linux-x86_64-debian-clang, r-devel-linux-x86_64-debian-gcc, r-devel-linux-x86_64-fedora-clang, r-devel-linux-x86_64-fedora-gcc, r-devel-windows-x86_64, r-patched-linux-x86_64, r-release-linux-x86_64, r-release-macos-arm64, r-release-macos-x86_64, r-release-windows-x86_64, r-oldrel-macos-arm64, r-oldrel-macos-x86_64, r-oldrel-windows-x86_64
Version: 1.0.4
Check: installed package size
Result: NOTE
installed size is 5.1Mb
sub-directories of 1Mb or more:
libs 4.7Mb
Flavors: r-release-macos-arm64, r-release-macos-x86_64, r-oldrel-macos-arm64, r-oldrel-macos-x86_64