Last updated on 2025-04-29 07:50:09 CEST.
Flavor | Version | Tinstall | Tcheck | Ttotal | Status | Flags |
---|---|---|---|---|---|---|
r-devel-linux-x86_64-debian-clang | 1.1.2 | 2.27 | 25.21 | 27.48 | OK | |
r-devel-linux-x86_64-debian-gcc | 1.1.2 | 1.84 | 21.34 | 23.18 | NOTE | |
r-devel-linux-x86_64-fedora-clang | 1.1.2 | 44.93 | OK | |||
r-devel-linux-x86_64-fedora-gcc | 1.1.2 | 42.77 | OK | |||
r-devel-windows-x86_64 | 1.1.2 | 3.00 | 49.00 | 52.00 | OK | |
r-patched-linux-x86_64 | 1.1.2 | 2.82 | 24.58 | 27.40 | OK | |
r-release-linux-x86_64 | 1.1.2 | 2.14 | 24.53 | 26.67 | OK | |
r-release-macos-arm64 | 1.1.2 | 21.00 | OK | |||
r-release-macos-x86_64 | 1.1.2 | 48.00 | OK | |||
r-release-windows-x86_64 | 1.1.2 | 4.00 | 53.00 | 57.00 | OK | |
r-oldrel-macos-arm64 | 1.1.2 | 22.00 | OK | |||
r-oldrel-macos-x86_64 | 1.1.2 | 44.00 | OK | |||
r-oldrel-windows-x86_64 | 1.1.2 | 4.00 | 53.00 | 57.00 | OK |
Version: 1.1.2
Check: CRAN incoming feasibility
Result: NOTE
Maintainer: ‘Marc Henrion <mhenrion@mlw.mw>’
Package CITATION file contains call(s) to old-style personList() or
as.personList(). Please use c() on person objects instead.
Package CITATION file contains call(s) to old-style citEntry(). Please
use bibentry() instead.
Flavor: r-devel-linux-x86_64-debian-gcc