Last updated on 2024-07-02 01:57:04 CEST.
Flavor | Version | Tinstall | Tcheck | Ttotal | Status | Flags |
---|---|---|---|---|---|---|
r-devel-linux-x86_64-debian-clang | 0.1.0 | 982.95 | 186.67 | 1169.62 | NOTE | |
r-devel-linux-x86_64-debian-gcc | 0.1.0 | 860.02 | 197.73 | 1057.75 | NOTE | |
r-devel-linux-x86_64-fedora-clang | 0.1.0 | 1426.07 | NOTE | |||
r-devel-linux-x86_64-fedora-gcc | 0.1.0 | 2141.11 | NOTE | |||
r-devel-windows-x86_64 | 0.1.0 | 757.00 | 211.00 | 968.00 | NOTE | |
r-patched-linux-x86_64 | 0.1.0 | 777.07 | 252.37 | 1029.44 | NOTE | |
r-release-linux-x86_64 | 0.1.0 | 764.14 | 259.74 | 1023.88 | NOTE | |
r-release-macos-arm64 | 0.1.0 | 350.00 | NOTE | |||
r-release-macos-x86_64 | 0.1.0 | 300.00 | NOTE | |||
r-release-windows-x86_64 | 0.1.0 | 744.00 | 210.00 | 954.00 | NOTE | |
r-oldrel-macos-arm64 | 0.1.0 | 362.00 | NOTE | |||
r-oldrel-macos-x86_64 | 0.1.0 | 548.00 | NOTE | |||
r-oldrel-windows-x86_64 | 0.1.0 | 986.00 | 262.00 | 1248.00 | NOTE |
Version: 0.1.0
Check: for GNU extensions in Makefiles
Result: NOTE
GNU make is a SystemRequirements.
Flavors: r-devel-linux-x86_64-debian-clang, r-devel-linux-x86_64-debian-gcc, r-devel-linux-x86_64-fedora-clang, r-devel-linux-x86_64-fedora-gcc, r-devel-windows-x86_64, r-patched-linux-x86_64, r-release-linux-x86_64, r-release-macos-arm64, r-release-macos-x86_64, r-release-windows-x86_64, r-oldrel-macos-arm64, r-oldrel-macos-x86_64, r-oldrel-windows-x86_64
Version: 0.1.0
Check: installed package size
Result: NOTE
installed size is 8.4Mb
sub-directories of 1Mb or more:
libs 7.8Mb
Flavors: r-devel-linux-x86_64-fedora-clang, r-devel-windows-x86_64, r-release-macos-arm64, r-release-macos-x86_64, r-release-windows-x86_64, r-oldrel-macos-arm64, r-oldrel-macos-x86_64, r-oldrel-windows-x86_64
Version: 0.1.0
Check: dependencies in R code
Result: NOTE
Namespaces in Imports field not imported from:
‘RcppParallel’ ‘rstantools’
All declared Imports should be used.
Flavors: r-devel-linux-x86_64-fedora-clang, r-devel-linux-x86_64-fedora-gcc