Last updated on 2024-07-02 19:48:07 CEST.
Flavor | Version | Tinstall | Tcheck | Ttotal | Status | Flags |
---|---|---|---|---|---|---|
r-devel-linux-x86_64-debian-clang | 0.1.2 | 54.80 | 32.75 | 87.55 | NOTE | |
r-devel-linux-x86_64-debian-gcc | 0.1.2 | 35.87 | 25.10 | 60.97 | NOTE | |
r-devel-linux-x86_64-fedora-clang | 0.1.2 | 120.51 | NOTE | |||
r-devel-linux-x86_64-fedora-gcc | 0.1.2 | 128.72 | NOTE | |||
r-devel-windows-x86_64 | 0.1.2 | 42.00 | 68.00 | 110.00 | NOTE | |
r-patched-linux-x86_64 | 0.1.2 | 40.07 | 31.90 | 71.97 | NOTE | |
r-release-linux-x86_64 | 0.1.2 | 46.79 | 30.61 | 77.40 | NOTE | |
r-release-macos-arm64 | 0.1.2 | 30.00 | NOTE | |||
r-release-macos-x86_64 | 0.1.2 | 36.00 | NOTE | |||
r-release-windows-x86_64 | 0.1.2 | 43.00 | 69.00 | 112.00 | NOTE | |
r-oldrel-macos-arm64 | 0.1.2 | 32.00 | NOTE | |||
r-oldrel-macos-x86_64 | 0.1.2 | 54.00 | NOTE | |||
r-oldrel-windows-x86_64 | 0.1.2 | 52.00 | 74.00 | 126.00 | NOTE |
Version: 0.1.2
Check: C++ specification
Result: NOTE
Specified C++11: please drop specification unless essential
Flavors: r-devel-linux-x86_64-debian-clang, r-devel-linux-x86_64-debian-gcc, r-devel-linux-x86_64-fedora-clang, r-devel-linux-x86_64-fedora-gcc, r-devel-windows-x86_64, r-patched-linux-x86_64, r-release-linux-x86_64, r-release-macos-arm64, r-release-macos-x86_64, r-release-windows-x86_64, r-oldrel-macos-arm64, r-oldrel-macos-x86_64, r-oldrel-windows-x86_64