CRAN Package Check Results for Package blockmodels

Last updated on 2025-05-02 08:49:21 CEST.

Flavor Version Tinstall Tcheck Ttotal Status Flags
r-devel-linux-x86_64-debian-clang 1.1.5 69.83 50.87 120.70 NOTE
r-devel-linux-x86_64-debian-gcc 1.1.5 51.16 37.71 88.87 NOTE
r-devel-linux-x86_64-fedora-clang 1.1.5 206.61 OK
r-devel-linux-x86_64-fedora-gcc 1.1.5 210.74 OK
r-devel-windows-x86_64 1.1.5 75.00 107.00 182.00 OK
r-patched-linux-x86_64 1.1.5 70.11 48.28 118.39 OK
r-release-linux-x86_64 OK
r-release-macos-arm64 1.1.5 65.00 OK
r-release-macos-x86_64 1.1.5 129.00 OK
r-release-windows-x86_64 1.1.5 74.00 101.00 175.00 OK
r-oldrel-macos-arm64 1.1.5 52.00 NOTE
r-oldrel-macos-x86_64 1.1.5 84.00 NOTE
r-oldrel-windows-x86_64 1.1.5 86.00 108.00 194.00 OK

Check Details

Version: 1.1.5
Check: CRAN incoming feasibility
Result: NOTE Maintainer: ‘Jean-Benoist Leger <jbleger@hds.utc.fr>’ No Authors@R field in DESCRIPTION. Please add one, modifying Authors@R: c(person(given = "Jean-Benoist", family = "Leger", role = c("aut", "cre"), email = "jbleger@hds.utc.fr"), person(given = "Pierre", family = "Barbillon", role = "aut", email = "pierre.barbillon@agroparistech.fr"), person(given = "Julien", family = "Chiquet", role = "aut", email = "julien.chiquet@inrae.fr")) as necessary. Flavors: r-devel-linux-x86_64-debian-clang, r-devel-linux-x86_64-debian-gcc

Version: 1.1.5
Check: installed package size
Result: NOTE installed size is 13.6Mb sub-directories of 1Mb or more: libs 13.1Mb Flavors: r-oldrel-macos-arm64, r-oldrel-macos-x86_64