Last updated on 2025-05-06 03:50:57 CEST.
Flavor | Version | Tinstall | Tcheck | Ttotal | Status | Flags |
---|---|---|---|---|---|---|
r-devel-linux-x86_64-debian-clang | 0.1.0 | 1.92 | 26.00 | 27.92 | NOTE | |
r-devel-linux-x86_64-debian-gcc | 0.1.0 | 1.55 | 21.04 | 22.59 | NOTE | |
r-devel-linux-x86_64-fedora-clang | 0.1.0 | 46.70 | NOTE | |||
r-devel-linux-x86_64-fedora-gcc | 0.1.0 | 58.40 | NOTE | |||
r-devel-windows-x86_64 | 0.1.0 | 4.00 | 50.00 | 54.00 | NOTE | |
r-patched-linux-x86_64 | 0.1.0 | 1.93 | 25.04 | 26.97 | NOTE | |
r-release-linux-x86_64 | 0.1.0 | 1.92 | 25.29 | 27.21 | NOTE | |
r-release-macos-arm64 | 0.1.0 | 25.00 | NOTE | |||
r-release-macos-x86_64 | 0.1.0 | 45.00 | NOTE | |||
r-release-windows-x86_64 | 0.1.0 | 3.00 | 50.00 | 53.00 | NOTE | |
r-oldrel-macos-arm64 | 0.1.0 | 29.00 | OK | |||
r-oldrel-macos-x86_64 | 0.1.0 | 84.00 | OK | |||
r-oldrel-windows-x86_64 | 0.1.0 | 3.00 | 56.00 | 59.00 | OK |
Version: 0.1.0
Check: DESCRIPTION meta-information
Result: NOTE
Missing dependency on R >= 4.1.0 because package code uses the pipe
|> or function shorthand \(...) syntax added in R 4.1.0.
File(s) using such syntax:
‘bits_to_raw.Rd’ ‘bitstream-ints.R’ ‘bitstream-uints-exp-golomb.R’
Flavors: r-devel-linux-x86_64-debian-clang, r-devel-linux-x86_64-debian-gcc, r-devel-linux-x86_64-fedora-clang, r-devel-linux-x86_64-fedora-gcc, r-devel-windows-x86_64, r-patched-linux-x86_64, r-release-linux-x86_64, r-release-macos-arm64, r-release-macos-x86_64, r-release-windows-x86_64