Last updated on 2025-05-03 02:51:33 CEST.
Flavor | Version | Tinstall | Tcheck | Ttotal | Status | Flags |
---|---|---|---|---|---|---|
r-devel-linux-x86_64-debian-clang | 2.1.2 | 1.77 | 18.59 | 20.36 | NOTE | |
r-devel-linux-x86_64-debian-gcc | 2.1.2 | 1.50 | 15.20 | 16.70 | NOTE | |
r-devel-linux-x86_64-fedora-clang | 2.1.2 | 34.19 | OK | |||
r-devel-linux-x86_64-fedora-gcc | 2.1.2 | 30.15 | OK | |||
r-devel-windows-x86_64 | 2.1.2 | 3.00 | 41.00 | 44.00 | OK | |
r-patched-linux-x86_64 | 2.1.2 | 2.05 | 17.89 | 19.94 | OK | |
r-release-linux-x86_64 | OK | |||||
r-release-macos-arm64 | 2.1.2 | 14.00 | OK | |||
r-release-macos-x86_64 | 2.1.2 | 34.00 | OK | |||
r-release-windows-x86_64 | 2.1.2 | 4.00 | 44.00 | 48.00 | OK | |
r-oldrel-macos-arm64 | 2.1.2 | 20.00 | OK | |||
r-oldrel-macos-x86_64 | 2.1.2 | 22.00 | OK | |||
r-oldrel-windows-x86_64 | 2.1.2 | 3.00 | 40.00 | 43.00 | OK |
Version: 2.1.2
Check: CRAN incoming feasibility
Result: NOTE
Maintainer: ‘Matthew A. Birk <matthewabirk@gmail.com>’
No Authors@R field in DESCRIPTION.
Please add one, modifying
Authors@R: person(given = c("Matthew", "A."),
family = "Birk",
role = c("aut", "cre"),
email = "matthewabirk@gmail.com")
as necessary.
Flavors: r-devel-linux-x86_64-debian-clang, r-devel-linux-x86_64-debian-gcc