Last updated on 2024-06-29 11:49:08 CEST.
Flavor | Version | Tinstall | Tcheck | Ttotal | Status | Flags |
---|---|---|---|---|---|---|
r-devel-linux-x86_64-debian-clang | 0.6.1 | 205.30 | 193.64 | 398.94 | NOTE | |
r-devel-linux-x86_64-debian-gcc | 0.6.1 | 166.35 | 169.65 | 336.00 | NOTE | |
r-devel-linux-x86_64-fedora-clang | 0.6.1 | 517.21 | NOTE | |||
r-devel-linux-x86_64-fedora-gcc | 0.6.1 | 618.98 | NOTE | |||
r-devel-windows-x86_64 | 0.6.1 | 172.00 | 207.00 | 379.00 | NOTE | |
r-patched-linux-x86_64 | 0.6.1 | 192.89 | 202.68 | 395.57 | NOTE | |
r-release-linux-x86_64 | 0.6.1 | 207.77 | 201.06 | 408.83 | NOTE | |
r-release-macos-arm64 | 0.6.1 | 149.00 | NOTE | |||
r-release-macos-x86_64 | 0.6.1 | 347.00 | NOTE | |||
r-release-windows-x86_64 | 0.6.1 | 177.00 | 206.00 | 383.00 | NOTE | |
r-oldrel-macos-arm64 | 0.6.1 | 186.00 | NOTE | |||
r-oldrel-macos-x86_64 | 0.6.1 | 343.00 | NOTE | |||
r-oldrel-windows-x86_64 | 0.6.1 | 210.00 | 267.00 | 477.00 | NOTE |
Version: 0.6.1
Check: for GNU extensions in Makefiles
Result: NOTE
GNU make is a SystemRequirements.
Flavors: r-devel-linux-x86_64-debian-clang, r-devel-linux-x86_64-debian-gcc, r-devel-linux-x86_64-fedora-clang, r-devel-linux-x86_64-fedora-gcc, r-devel-windows-x86_64, r-patched-linux-x86_64, r-release-linux-x86_64, r-release-macos-arm64, r-release-macos-x86_64, r-release-windows-x86_64, r-oldrel-macos-arm64, r-oldrel-macos-x86_64, r-oldrel-windows-x86_64
Version: 0.6.1
Check: installed package size
Result: NOTE
installed size is 48.3Mb
sub-directories of 1Mb or more:
extdata 1.5Mb
libs 46.0Mb
Flavors: r-release-macos-arm64, r-release-macos-x86_64, r-oldrel-macos-arm64, r-oldrel-macos-x86_64