Last updated on 2025-04-29 07:50:09 CEST.
Flavor | Version | Tinstall | Tcheck | Ttotal | Status | Flags |
---|---|---|---|---|---|---|
r-devel-linux-x86_64-debian-clang | 1.1 | 1.17 | 24.74 | 25.91 | OK | |
r-devel-linux-x86_64-debian-gcc | 1.1 | 1.09 | 21.33 | 22.42 | NOTE | |
r-devel-linux-x86_64-fedora-clang | 1.1 | 38.66 | OK | |||
r-devel-linux-x86_64-fedora-gcc | 1.1 | 37.04 | OK | |||
r-devel-windows-x86_64 | 1.1 | 3.00 | 49.00 | 52.00 | OK | |
r-patched-linux-x86_64 | 1.1 | 1.62 | 24.11 | 25.73 | OK | |
r-release-linux-x86_64 | 1.1 | 1.20 | 23.89 | 25.09 | OK | |
r-release-macos-arm64 | 1.1 | 19.00 | OK | |||
r-release-macos-x86_64 | 1.1 | 44.00 | OK | |||
r-release-windows-x86_64 | 1.1 | 2.00 | 51.00 | 53.00 | OK | |
r-oldrel-macos-arm64 | 1.1 | 22.00 | OK | |||
r-oldrel-macos-x86_64 | 1.1 | 28.00 | OK | |||
r-oldrel-windows-x86_64 | 1.1 | 2.00 | 50.00 | 52.00 | OK |
Version: 1.1
Check: CRAN incoming feasibility
Result: NOTE
Maintainer: ‘Giorgio Valentini<valentini@di.unimi.it>’
No Authors@R field in DESCRIPTION.
Please add one, modifying
Authors@R: c(person(given = "Giorgio",
family = "Valentini",
role = c("aut", "cre"),
email = "valentini@di.unimi.it"),
person(given = c("Matteo", "Re", "--", "Universita'", "degli", "Studi", "di"),
family = "Milano",
role = "aut"))
as necessary.
Flavor: r-devel-linux-x86_64-debian-gcc