CRAN Package Check Results for Package biobricks

Last updated on 2025-05-27 06:50:43 CEST.

Flavor Version Tinstall Tcheck Ttotal Status Flags
r-devel-linux-x86_64-debian-clang 0.2.2 1.56 17.86 19.42 NOTE
r-devel-linux-x86_64-debian-gcc 0.2.2 1.31 14.63 15.94 NOTE
r-devel-linux-x86_64-fedora-clang 0.2.2 27.78 NOTE
r-devel-linux-x86_64-fedora-gcc 0.2.2 27.81 NOTE
r-devel-windows-x86_64 0.2.2 3.00 37.00 40.00 NOTE
r-patched-linux-x86_64 0.2.2 1.30 15.52 16.82 NOTE
r-release-linux-x86_64 0.2.2 1.58 15.92 17.50 NOTE
r-release-macos-arm64 0.2.2 15.00 NOTE
r-release-macos-x86_64 0.2.2 29.00 NOTE
r-release-windows-x86_64 0.2.2 3.00 37.00 40.00 NOTE
r-oldrel-macos-arm64 0.2.2 16.00 OK
r-oldrel-macos-x86_64 0.2.2 19.00 OK
r-oldrel-windows-x86_64 0.2.2 2.00 39.00 41.00 OK

Check Details

Version: 0.2.2
Check: DESCRIPTION meta-information
Result: NOTE Missing dependency on R >= 4.1.0 because package code uses the pipe |> or function shorthand \(...) syntax added in R 4.1.0. File(s) using such syntax: ‘bbassets.R’ Flavors: r-devel-linux-x86_64-debian-clang, r-devel-linux-x86_64-debian-gcc, r-devel-linux-x86_64-fedora-clang, r-devel-linux-x86_64-fedora-gcc, r-devel-windows-x86_64, r-patched-linux-x86_64, r-release-linux-x86_64, r-release-macos-arm64, r-release-macos-x86_64, r-release-windows-x86_64