Last updated on 2025-04-29 19:50:26 CEST.
Flavor | Version | Tinstall | Tcheck | Ttotal | Status | Flags |
---|---|---|---|---|---|---|
r-devel-linux-x86_64-debian-clang | 0.2.1 | 1.50 | 20.76 | 22.26 | NOTE | |
r-devel-linux-x86_64-debian-gcc | 0.2.1 | 1.35 | 16.36 | 17.71 | NOTE | |
r-devel-linux-x86_64-fedora-clang | 0.2.1 | 36.51 | OK | |||
r-devel-linux-x86_64-fedora-gcc | 0.2.1 | 33.48 | OK | |||
r-devel-windows-x86_64 | 0.2.1 | 4.00 | 43.00 | 47.00 | OK | |
r-patched-linux-x86_64 | 0.2.1 | 1.91 | 19.40 | 21.31 | OK | |
r-release-linux-x86_64 | 0.2.1 | 1.64 | 19.64 | 21.28 | OK | |
r-release-macos-arm64 | 0.2.1 | 18.00 | OK | |||
r-release-macos-x86_64 | 0.2.1 | 36.00 | OK | |||
r-release-windows-x86_64 | 0.2.1 | 4.00 | 45.00 | 49.00 | OK | |
r-oldrel-macos-arm64 | 0.2.1 | 21.00 | NOTE | |||
r-oldrel-macos-x86_64 | 0.2.1 | 25.00 | NOTE | |||
r-oldrel-windows-x86_64 | 0.2.1 | 3.00 | 47.00 | 50.00 | NOTE |
Version: 0.2.1
Check: CRAN incoming feasibility
Result: NOTE
Maintainer: ‘Chapman Siu <chpmn.siu@gmail.com>’
No Authors@R field in DESCRIPTION.
Please add one, modifying
Authors@R: person(given = "Chapman",
family = "Siu",
role = c("aut", "cre"),
email = "chpmn.siu@gmail.com")
as necessary.
Flavors: r-devel-linux-x86_64-debian-clang, r-devel-linux-x86_64-debian-gcc
Version: 0.2.1
Check: LazyData
Result: NOTE
'LazyData' is specified without a 'data' directory
Flavors: r-oldrel-macos-arm64, r-oldrel-macos-x86_64, r-oldrel-windows-x86_64