Last updated on 2024-06-29 23:49:47 CEST.
Flavor | Version | Tinstall | Tcheck | Ttotal | Status | Flags |
---|---|---|---|---|---|---|
r-devel-linux-x86_64-debian-clang | 1.3 | 13.17 | 92.09 | 105.26 | OK | |
r-devel-linux-x86_64-debian-gcc | 1.3 | 9.45 | 68.88 | 78.33 | OK | |
r-devel-linux-x86_64-fedora-clang | 1.3 | 129.28 | NOTE | |||
r-devel-linux-x86_64-fedora-gcc | 1.3 | 123.65 | OK | |||
r-devel-windows-x86_64 | 1.3 | 12.00 | 84.00 | 96.00 | OK | |
r-patched-linux-x86_64 | 1.3 | 13.52 | 88.87 | 102.39 | OK | |
r-release-linux-x86_64 | 1.3 | 11.63 | 90.19 | 101.82 | OK | |
r-release-macos-arm64 | 1.3 | 37.00 | OK | |||
r-release-macos-x86_64 | 1.3 | 62.00 | OK | |||
r-release-windows-x86_64 | 1.3 | 12.00 | 84.00 | 96.00 | OK | |
r-oldrel-macos-arm64 | 1.3 | 47.00 | OK | |||
r-oldrel-macos-x86_64 | 1.3 | 66.00 | OK | |||
r-oldrel-windows-x86_64 | 1.3 | 13.00 | 103.00 | 116.00 | OK |
Version: 1.3
Check: Rd cross-references
Result: NOTE
Undeclared package ‘genalg’ in Rd xrefs
Flavor: r-devel-linux-x86_64-fedora-clang