Last updated on 2025-05-09 22:49:44 CEST.
Flavor | Version | Tinstall | Tcheck | Ttotal | Status | Flags |
---|---|---|---|---|---|---|
r-devel-linux-x86_64-debian-clang | 1.1.9 | 17.48 | 31.86 | 49.34 | NOTE | |
r-devel-linux-x86_64-debian-gcc | 1.1.9 | 15.56 | 24.16 | 39.72 | NOTE | |
r-devel-linux-x86_64-fedora-clang | 1.1.9 | 77.85 | OK | |||
r-devel-linux-x86_64-fedora-gcc | 1.1.9 | 90.04 | OK | |||
r-devel-windows-x86_64 | 1.1.9 | 30.00 | 70.00 | 100.00 | OK | |
r-patched-linux-x86_64 | 1.1.9 | 20.10 | 30.46 | 50.56 | OK | |
r-release-linux-x86_64 | 1.1.9 | 21.02 | 30.43 | 51.45 | OK | |
r-release-macos-arm64 | 1.1.9 | 46.00 | OK | |||
r-release-macos-x86_64 | 1.1.9 | 54.00 | OK | |||
r-release-windows-x86_64 | 1.1.9 | 30.00 | 69.00 | 99.00 | OK | |
r-oldrel-macos-arm64 | 1.1.9 | 28.00 | OK | |||
r-oldrel-macos-x86_64 | 1.1.9 | 44.00 | OK | |||
r-oldrel-windows-x86_64 | 1.1.9 | 36.00 | 80.00 | 116.00 | OK |
Version: 1.1.9
Check: CRAN incoming feasibility
Result: NOTE
Maintainer: ‘Michael J. Kane <bigmemoryauthors@gmail.com>’
No Authors@R field in DESCRIPTION.
Please add one, modifying
Authors@R: c(person(given = c("Michael", "J."),
family = "Kane",
role = c("aut", "cre"),
email = "kaneplusplus@gmail.com"),
person(given = c("John", "W."),
family = "Emerson",
role = "aut",
email = "jayemerson@gmail.com"))
as necessary.
Flavors: r-devel-linux-x86_64-debian-clang, r-devel-linux-x86_64-debian-gcc