Last updated on 2024-06-29 11:49:08 CEST.
Flavor | Version | Tinstall | Tcheck | Ttotal | Status | Flags |
---|---|---|---|---|---|---|
r-devel-linux-x86_64-debian-clang | 1.12.2 | 292.77 | 273.93 | 566.70 | NOTE | |
r-devel-linux-x86_64-debian-gcc | 1.12.2 | 194.64 | 207.68 | 402.32 | NOTE | |
r-devel-linux-x86_64-fedora-clang | 1.12.2 | 798.97 | NOTE | |||
r-devel-linux-x86_64-fedora-gcc | 1.12.2 | 787.10 | NOTE | |||
r-devel-windows-x86_64 | 1.12.2 | 296.00 | 243.00 | 539.00 | NOTE | |
r-patched-linux-x86_64 | 1.12.2 | 233.67 | 266.62 | 500.29 | NOTE | |
r-release-linux-x86_64 | 1.12.2 | 173.01 | 265.88 | 438.89 | NOTE | |
r-release-macos-arm64 | 1.12.2 | 182.00 | NOTE | |||
r-release-macos-x86_64 | 1.12.2 | 222.00 | NOTE | |||
r-release-windows-x86_64 | 1.12.2 | 293.00 | 243.00 | 536.00 | NOTE | |
r-oldrel-macos-arm64 | 1.12.2 | 206.00 | NOTE | |||
r-oldrel-macos-x86_64 | 1.12.2 | 327.00 | NOTE | |||
r-oldrel-windows-x86_64 | 1.12.2 | 345.00 | 317.00 | 662.00 | OK |
Version: 1.12.2
Check: HTML version of manual
Result: NOTE
Found the following HTML validation problems:
snp_ldsc.html:134:1 (snp_ldsc.Rd:74): Warning: trimming empty <dt>
Flavors: r-devel-linux-x86_64-debian-clang, r-devel-linux-x86_64-debian-gcc, r-devel-linux-x86_64-fedora-clang, r-devel-linux-x86_64-fedora-gcc, r-devel-windows-x86_64, r-patched-linux-x86_64, r-release-linux-x86_64, r-release-windows-x86_64
Version: 1.12.2
Check: installed package size
Result: NOTE
installed size is 8.9Mb
sub-directories of 1Mb or more:
libs 7.4Mb
Flavors: r-release-macos-arm64, r-release-macos-x86_64, r-oldrel-macos-arm64, r-oldrel-macos-x86_64
Version: 1.12.2
Check: package dependencies
Result: NOTE
Package suggested but not available for checking: ‘gaston’
Flavor: r-oldrel-macos-x86_64