Last updated on 2025-04-29 19:50:26 CEST.
Flavor | Version | Tinstall | Tcheck | Ttotal | Status | Flags |
---|---|---|---|---|---|---|
r-devel-linux-x86_64-debian-clang | 0.1.5 | 34.56 | 34.36 | 68.92 | NOTE | |
r-devel-linux-x86_64-debian-gcc | 0.1.5 | 26.37 | 26.20 | 52.57 | NOTE | |
r-devel-linux-x86_64-fedora-clang | 0.1.5 | 123.62 | OK | |||
r-devel-linux-x86_64-fedora-gcc | 0.1.5 | 122.15 | OK | |||
r-patched-linux-x86_64 | 0.1.5 | 37.90 | 32.75 | 70.65 | OK | |
r-release-linux-x86_64 | 0.1.5 | 37.76 | 32.73 | 70.49 | OK | |
r-release-macos-arm64 | 0.1.5 | 36.00 | OK | |||
r-release-macos-x86_64 | 0.1.5 | 52.00 | OK | |||
r-oldrel-macos-arm64 | 0.1.5 | 34.00 | OK | |||
r-oldrel-macos-x86_64 | 0.1.5 | 45.00 | OK |
Version: 0.1.5
Check: CRAN incoming feasibility
Result: NOTE
Maintainer: ‘Chibisi Chima-Okereke <chibisi@active-analytics.com>’
No Authors@R field in DESCRIPTION.
Please add one, modifying
Authors@R: person(given = "Chibisi",
family = "Chima-Okereke",
role = c("aut", "cre"),
email = "chibisi@active-analytics.com")
as necessary.
Flavors: r-devel-linux-x86_64-debian-clang, r-devel-linux-x86_64-debian-gcc