Last updated on 2025-05-20 20:51:01 CEST.
Flavor | Version | Tinstall | Tcheck | Ttotal | Status | Flags |
---|---|---|---|---|---|---|
r-devel-linux-x86_64-debian-clang | 0.2.3 | 9.44 | 141.90 | 151.34 | OK | |
r-devel-linux-x86_64-debian-gcc | 0.2.3 | 7.08 | 92.91 | 99.99 | OK | |
r-devel-linux-x86_64-fedora-clang | 0.2.3 | 238.14 | NOTE | |||
r-devel-linux-x86_64-fedora-gcc | 0.2.3 | 242.60 | NOTE | |||
r-devel-windows-x86_64 | 0.2.3 | 11.00 | 152.00 | 163.00 | OK | |
r-patched-linux-x86_64 | 0.2.3 | 8.53 | 129.36 | 137.89 | OK | |
r-release-linux-x86_64 | 0.2.3 | 9.80 | 131.78 | 141.58 | OK | |
r-release-macos-arm64 | 0.2.3 | 62.00 | OK | |||
r-release-macos-x86_64 | 0.2.3 | 186.00 | OK | |||
r-release-windows-x86_64 | 0.2.3 | 12.00 | 139.00 | 151.00 | OK | |
r-oldrel-macos-arm64 | 0.2.3 | 61.00 | OK | |||
r-oldrel-macos-x86_64 | 0.2.3 | 116.00 | OK | |||
r-oldrel-windows-x86_64 | 0.2.3 | 16.00 | 181.00 | 197.00 | OK |
Version: 0.2.3
Check: dependencies in R code
Result: NOTE
Namespace in Imports field not imported from: ‘nycflights13’
All declared Imports should be used.
Flavors: r-devel-linux-x86_64-fedora-clang, r-devel-linux-x86_64-fedora-gcc