Last updated on 2024-06-29 11:49:08 CEST.
Flavor | Version | Tinstall | Tcheck | Ttotal | Status | Flags |
---|---|---|---|---|---|---|
r-devel-linux-x86_64-debian-clang | 4.2.3 | 33.27 | 225.65 | 258.92 | OK | |
r-devel-linux-x86_64-debian-gcc | 4.2.3 | 23.75 | 162.27 | 186.02 | OK | |
r-devel-linux-x86_64-fedora-clang | 4.2.3 | 310.75 | NOTE | |||
r-devel-linux-x86_64-fedora-gcc | 4.2.3 | 294.97 | OK | |||
r-devel-windows-x86_64 | 4.2.3 | 24.00 | 176.00 | 200.00 | OK | |
r-patched-linux-x86_64 | 4.2.3 | 30.98 | 208.73 | 239.71 | OK | |
r-release-linux-x86_64 | 4.2.3 | 17.65 | 215.39 | 233.04 | OK | |
r-release-macos-arm64 | 4.2.3 | 78.00 | OK | |||
r-release-macos-x86_64 | 4.2.3 | 149.00 | OK | |||
r-release-windows-x86_64 | 4.2.3 | 25.00 | 176.00 | 201.00 | OK | |
r-oldrel-macos-arm64 | 4.2.3 | 92.00 | OK | |||
r-oldrel-macos-x86_64 | 4.2.3 | 221.00 | OK | |||
r-oldrel-windows-x86_64 | 4.2.3 | 32.00 | 230.00 | 262.00 | OK |
Version: 4.2.3
Check: package dependencies
Result: NOTE
Imports includes 23 non-default packages.
Importing from so many packages makes the package vulnerable to any of
them becoming unavailable. Move as many as possible to Suggests and
use conditionally.
Flavor: r-devel-linux-x86_64-fedora-clang