Last updated on 2024-06-29 11:49:08 CEST.
Flavor | Version | Tinstall | Tcheck | Ttotal | Status | Flags |
---|---|---|---|---|---|---|
r-devel-linux-x86_64-debian-clang | 1.2.1 | 183.45 | 196.71 | 380.16 | OK | |
r-devel-linux-x86_64-debian-gcc | 1.2.1 | 115.68 | 134.00 | 249.68 | OK | |
r-devel-linux-x86_64-fedora-clang | 1.2.1 | 534.70 | OK | |||
r-devel-linux-x86_64-fedora-gcc | 1.2.1 | 532.47 | OK | |||
r-devel-windows-x86_64 | 1.2.1 | 145.00 | 178.00 | 323.00 | OK | |
r-patched-linux-x86_64 | 1.2.1 | 145.73 | 175.10 | 320.83 | OK | |
r-release-linux-x86_64 | 1.2.1 | 146.97 | 179.67 | 326.64 | OK | |
r-release-macos-arm64 | 1.2.1 | 108.00 | NOTE | |||
r-release-macos-x86_64 | 1.2.1 | 148.00 | NOTE | |||
r-release-windows-x86_64 | 1.2.1 | 147.00 | 186.00 | 333.00 | OK | |
r-oldrel-macos-arm64 | 1.2.1 | 100.00 | NOTE | |||
r-oldrel-macos-x86_64 | 1.2.1 | 176.00 | NOTE | |||
r-oldrel-windows-x86_64 | 1.2.1 | 175.00 | 221.00 | 396.00 | OK |
Version: 1.2.1
Check: installed package size
Result: NOTE
installed size is 5.4Mb
sub-directories of 1Mb or more:
libs 4.9Mb
Flavors: r-release-macos-arm64, r-release-macos-x86_64, r-oldrel-macos-arm64, r-oldrel-macos-x86_64