Last updated on 2024-06-29 11:49:08 CEST.
Flavor | Version | Tinstall | Tcheck | Ttotal | Status | Flags |
---|---|---|---|---|---|---|
r-devel-linux-x86_64-debian-clang | 1.0.7 | 431.77 | 100.81 | 532.58 | NOTE | |
r-devel-linux-x86_64-debian-gcc | 1.0.7 | 380.59 | 117.74 | 498.33 | NOTE | |
r-devel-linux-x86_64-fedora-clang | 1.0.7 | 692.06 | NOTE | |||
r-devel-linux-x86_64-fedora-gcc | 1.0.7 | 946.28 | NOTE | |||
r-devel-windows-x86_64 | 1.0.7 | 342.00 | 146.00 | 488.00 | NOTE | |
r-patched-linux-x86_64 | 1.0.7 | 444.62 | 147.43 | 592.05 | NOTE | |
r-release-linux-x86_64 | 1.0.7 | 455.24 | 149.31 | 604.55 | NOTE | |
r-release-macos-arm64 | 1.0.7 | 158.00 | NOTE | |||
r-release-macos-x86_64 | 1.0.7 | 151.00 | NOTE | |||
r-release-windows-x86_64 | 1.0.7 | 343.00 | 142.00 | 485.00 | NOTE | |
r-oldrel-macos-arm64 | 1.0.7 | 175.00 | NOTE | |||
r-oldrel-macos-x86_64 | 1.0.7 | 291.00 | NOTE | |||
r-oldrel-windows-x86_64 | 1.0.7 | 483.00 | 176.00 | 659.00 | NOTE |
Version: 1.0.7
Check: C++ specification
Result: NOTE
Specified C++11: please drop specification unless essential
Flavors: r-devel-linux-x86_64-debian-clang, r-devel-linux-x86_64-debian-gcc, r-devel-linux-x86_64-fedora-clang, r-devel-linux-x86_64-fedora-gcc, r-devel-windows-x86_64, r-patched-linux-x86_64, r-release-linux-x86_64, r-release-macos-arm64, r-release-macos-x86_64, r-release-windows-x86_64, r-oldrel-macos-arm64, r-oldrel-macos-x86_64, r-oldrel-windows-x86_64
Version: 1.0.7
Check: Rd files
Result: NOTE
checkRd: (-1) gen.data.Rd:42: Lost braces
42 | code{cortype = 2} denotes the constant structure, where the \eqn{(i,j)} entry of covariance
| ^
Flavors: r-devel-linux-x86_64-debian-clang, r-devel-linux-x86_64-debian-gcc, r-devel-linux-x86_64-fedora-clang, r-devel-linux-x86_64-fedora-gcc, r-devel-windows-x86_64, r-patched-linux-x86_64, r-release-linux-x86_64, r-release-macos-arm64, r-release-macos-x86_64, r-release-windows-x86_64
Version: 1.0.7
Check: installed package size
Result: NOTE
installed size is 63.9Mb
sub-directories of 1Mb or more:
data 2.7Mb
libs 60.7Mb
Flavors: r-release-macos-arm64, r-release-macos-x86_64, r-oldrel-macos-arm64, r-oldrel-macos-x86_64