Last updated on 2024-06-29 11:49:08 CEST.
Flavor | Version | Tinstall | Tcheck | Ttotal | Status | Flags |
---|---|---|---|---|---|---|
r-devel-linux-x86_64-debian-clang | 1.1.4 | 44.17 | 411.85 | 456.02 | OK | |
r-devel-linux-x86_64-debian-gcc | 1.1.4 | 31.29 | 291.88 | 323.17 | OK | |
r-devel-linux-x86_64-fedora-clang | 1.1.4 | 553.61 | NOTE | |||
r-devel-linux-x86_64-fedora-gcc | 1.1.4 | 537.53 | OK | |||
r-devel-windows-x86_64 | 1.1.4 | 30.00 | 254.00 | 284.00 | NOTE | |
r-patched-linux-x86_64 | 1.1.4 | 42.73 | 276.88 | 319.61 | OK | |
r-release-linux-x86_64 | 1.1.4 | 24.07 | 346.55 | 370.62 | OK | |
r-release-macos-arm64 | 1.1.4 | 137.00 | NOTE | |||
r-release-macos-x86_64 | 1.1.4 | 254.00 | NOTE | |||
r-release-windows-x86_64 | 1.1.4 | 30.00 | 252.00 | 282.00 | NOTE | |
r-oldrel-macos-arm64 | 1.1.4 | 164.00 | NOTE | |||
r-oldrel-macos-x86_64 | 1.1.4 | 329.00 | NOTE | |||
r-oldrel-windows-x86_64 | 1.1.4 | 40.00 | 349.00 | 389.00 | NOTE |
Version: 1.1.4
Check: installed package size
Result: NOTE
installed size is 5.2Mb
sub-directories of 1Mb or more:
doc 3.6Mb
extdata 1.2Mb
Flavors: r-devel-linux-x86_64-fedora-clang, r-devel-windows-x86_64, r-release-macos-arm64, r-release-macos-x86_64, r-release-windows-x86_64, r-oldrel-macos-arm64, r-oldrel-macos-x86_64, r-oldrel-windows-x86_64