Last updated on 2024-08-24 16:48:54 CEST.
Flavor | Version | Tinstall | Tcheck | Ttotal | Status | Flags |
---|---|---|---|---|---|---|
r-devel-linux-x86_64-debian-clang | 2.0.2 | 82.64 | 31.50 | 114.14 | NOTE | |
r-devel-linux-x86_64-debian-gcc | 2.0.2 | 54.36 | 24.58 | 78.94 | NOTE | |
r-devel-linux-x86_64-fedora-clang | 2.0.2 | 226.67 | NOTE | |||
r-devel-linux-x86_64-fedora-gcc | 2.0.2 | 238.04 | NOTE | |||
r-devel-windows-x86_64 | 2.0.2 | 87.00 | 77.00 | 164.00 | NOTE | |
r-patched-linux-x86_64 | 2.0.2 | 79.98 | 30.47 | 110.45 | NOTE | |
r-release-linux-x86_64 | 2.0.2 | 78.43 | 30.58 | 109.01 | NOTE | |
r-release-macos-arm64 | 2.0.2 | 60.00 | NOTE | |||
r-release-macos-x86_64 | 2.0.2 | 74.00 | NOTE | |||
r-release-windows-x86_64 | 2.0.2 | 89.00 | 76.00 | 165.00 | NOTE | |
r-oldrel-macos-arm64 | 2.0.2 | 60.00 | NOTE | |||
r-oldrel-macos-x86_64 | 2.0.2 | 76.00 | NOTE | |||
r-oldrel-windows-x86_64 | 2.0.2 | 107.00 | 85.00 | 192.00 | NOTE |
Version: 2.0.2
Check: for GNU extensions in Makefiles
Result: NOTE
GNU make is a SystemRequirements.
Flavors: r-devel-linux-x86_64-debian-clang, r-devel-linux-x86_64-debian-gcc, r-devel-linux-x86_64-fedora-clang, r-devel-linux-x86_64-fedora-gcc, r-devel-windows-x86_64, r-patched-linux-x86_64, r-release-linux-x86_64, r-release-macos-arm64, r-release-macos-x86_64, r-release-windows-x86_64, r-oldrel-macos-arm64, r-oldrel-macos-x86_64, r-oldrel-windows-x86_64
Version: 2.0.2
Check: installed package size
Result: NOTE
installed size is 7.0Mb
sub-directories of 1Mb or more:
libs 5.9Mb
Flavors: r-release-macos-arm64, r-release-macos-x86_64, r-oldrel-macos-arm64, r-oldrel-macos-x86_64