Last updated on 2024-06-29 11:49:08 CEST.
Flavor | Version | Tinstall | Tcheck | Ttotal | Status | Flags |
---|---|---|---|---|---|---|
r-devel-linux-x86_64-debian-clang | 0.8.5 | 35.86 | 140.18 | 176.04 | OK | |
r-devel-linux-x86_64-debian-gcc | 0.8.5 | 20.75 | 100.67 | 121.42 | OK | |
r-devel-linux-x86_64-fedora-clang | 0.8.5 | 219.73 | NOTE | |||
r-devel-linux-x86_64-fedora-gcc | 0.8.5 | 207.65 | NOTE | |||
r-devel-windows-x86_64 | 0.8.5 | 20.00 | 100.00 | 120.00 | OK | |
r-patched-linux-x86_64 | 0.8.5 | 28.53 | 131.93 | 160.46 | OK | |
r-release-linux-x86_64 | 0.8.5 | 26.78 | 133.73 | 160.51 | OK | |
r-release-macos-arm64 | 0.8.5 | 51.00 | OK | |||
r-release-macos-x86_64 | 0.8.5 | 79.00 | OK | |||
r-release-windows-x86_64 | 0.8.5 | 18.00 | 101.00 | 119.00 | OK | |
r-oldrel-macos-arm64 | 0.8.5 | 41.00 | OK | |||
r-oldrel-macos-x86_64 | 0.8.5 | 67.00 | OK | |||
r-oldrel-windows-x86_64 | 0.8.5 | 25.00 | 121.00 | 146.00 | OK |
Version: 0.8.5
Check: dependencies in R code
Result: NOTE
Namespace in Imports field not imported from: ‘dplyr’
All declared Imports should be used.
Flavors: r-devel-linux-x86_64-fedora-clang, r-devel-linux-x86_64-fedora-gcc